Last updated on 2025-10-24 05:50:35 CEST.
| Flavor | Version | Tinstall | Tcheck | Ttotal | Status | Flags |
|---|---|---|---|---|---|---|
| r-devel-linux-x86_64-debian-clang | 2.6.5 | 11.23 | 88.00 | 99.23 | NOTE | |
| r-devel-linux-x86_64-debian-gcc | 2.6.5 | 7.56 | 61.45 | 69.01 | NOTE | |
| r-devel-linux-x86_64-fedora-clang | 2.6.5 | 14.00 | 107.39 | 121.39 | OK | |
| r-devel-linux-x86_64-fedora-gcc | 2.6.5 | 22.00 | 119.13 | 141.13 | OK | |
| r-devel-windows-x86_64 | 2.6.5 | 12.00 | 89.00 | 101.00 | OK | |
| r-patched-linux-x86_64 | 2.6.5 | 10.94 | 81.50 | 92.44 | OK | |
| r-release-linux-x86_64 | 2.6.5 | 9.76 | 81.08 | 90.84 | OK | |
| r-release-macos-arm64 | 2.6.5 | 6.00 | 42.00 | 48.00 | OK | |
| r-release-macos-x86_64 | 2.6.5 | 15.00 | 82.00 | 97.00 | OK | |
| r-release-windows-x86_64 | 2.6.5 | 13.00 | 93.00 | 106.00 | OK | |
| r-oldrel-macos-arm64 | 2.6.5 | 6.00 | 43.00 | 49.00 | OK | |
| r-oldrel-macos-x86_64 | 2.6.5 | 9.00 | 61.00 | 70.00 | OK | |
| r-oldrel-windows-x86_64 | 2.6.5 | 17.00 | 116.00 | 133.00 | OK |
Version: 2.6.5
Check: CRAN incoming feasibility
Result: NOTE
Maintainer: ‘Justin Esarey <justin@justinesarey.com>’
Package CITATION file contains call(s) to old-style personList() or
as.personList(). Please use c() on person objects instead.
Package CITATION file contains call(s) to old-style citEntry(). Please
use bibentry() instead.
Flavors: r-devel-linux-x86_64-debian-clang, r-devel-linux-x86_64-debian-gcc
These binaries (installable software) and packages are in development.
They may not be fully stable and should be used with caution. We make no claims about them.