CRAN Package Check Results for Package clusterSEs

Last updated on 2025-07-02 01:51:33 CEST.

Flavor Version Tinstall Tcheck Ttotal Status Flags
r-devel-linux-x86_64-debian-clang 2.6.5 10.69 86.08 96.77 NOTE
r-devel-linux-x86_64-debian-gcc 2.6.5 7.48 60.79 68.27 NOTE
r-devel-linux-x86_64-fedora-clang 2.6.5 162.36 OK
r-devel-linux-x86_64-fedora-gcc 2.6.5 140.42 OK
r-devel-windows-x86_64 2.6.5 13.00 93.00 106.00 OK
r-patched-linux-x86_64 OK
r-release-linux-x86_64 2.6.5 9.56 80.09 89.65 OK
r-release-macos-arm64 2.6.5 48.00 OK
r-release-macos-x86_64 2.6.5 97.00 OK
r-release-windows-x86_64 2.6.5 12.00 91.00 103.00 OK
r-oldrel-macos-arm64 2.6.5 49.00 OK
r-oldrel-macos-x86_64 2.6.5 70.00 OK
r-oldrel-windows-x86_64 2.6.5 16.00 115.00 131.00 OK

Check Details

Version: 2.6.5
Check: CRAN incoming feasibility
Result: NOTE Maintainer: ‘Justin Esarey <justin@justinesarey.com>’ Package CITATION file contains call(s) to old-style personList() or as.personList(). Please use c() on person objects instead. Package CITATION file contains call(s) to old-style citEntry(). Please use bibentry() instead. Flavors: r-devel-linux-x86_64-debian-clang, r-devel-linux-x86_64-debian-gcc

These binaries (installable software) and packages are in development.
They may not be fully stable and should be used with caution. We make no claims about them.