Last updated on 2025-02-19 16:50:43 CET.
Flavor | Version | Tinstall | Tcheck | Ttotal | Status | Flags |
---|---|---|---|---|---|---|
r-devel-linux-x86_64-debian-clang | 0.51-5 | 12.18 | 73.79 | 85.97 | OK | |
r-devel-linux-x86_64-debian-gcc | 0.51-5 | 7.09 | 48.89 | 55.98 | OK | |
r-devel-linux-x86_64-fedora-clang | 0.51-5 | 137.20 | OK | |||
r-devel-linux-x86_64-fedora-gcc | 0.51-5 | 136.82 | OK | |||
r-devel-macos-arm64 | 0.51-5 | 40.00 | OK | |||
r-devel-macos-x86_64 | 0.51-5 | 117.00 | OK | |||
r-devel-windows-x86_64 | 0.51-5 | 13.00 | 98.00 | 111.00 | OK | |
r-patched-linux-x86_64 | 0.51-5 | 11.60 | 71.07 | 82.67 | OK | |
r-release-linux-x86_64 | 0.51-5 | 10.52 | 69.73 | 80.25 | OK | |
r-release-macos-arm64 | 0.51-5 | 39.00 | OK | |||
r-release-macos-x86_64 | 0.51-5 | 83.00 | OK | |||
r-release-windows-x86_64 | 0.51-5 | 14.00 | 3.00 | 17.00 | FAIL | |
r-oldrel-macos-arm64 | 0.51-5 | 43.00 | OK | |||
r-oldrel-macos-x86_64 | 0.51-5 | 74.00 | OK | |||
r-oldrel-windows-x86_64 | 0.51-5 | 17.00 | 114.00 | 131.00 | OK |
Version: 0.51-5
Check: package dependencies
Result: FAIL
Flavor: r-release-windows-x86_64
These binaries (installable software) and packages are in development.
They may not be fully stable and should be used with caution. We make no claims about them.