Last updated on 2025-02-16 10:50:43 CET.
Flavor | Version | Tinstall | Tcheck | Ttotal | Status | Flags |
---|---|---|---|---|---|---|
r-devel-linux-x86_64-debian-clang | 1.1.1 | 64.67 | 512.36 | 577.03 | OK | |
r-devel-linux-x86_64-debian-gcc | 1.1.1 | 50.80 | 386.30 | 437.10 | OK | |
r-devel-linux-x86_64-fedora-clang | 1.1.1 | 1011.56 | OK | |||
r-devel-linux-x86_64-fedora-gcc | 1.1.1 | 695.56 | OK | |||
r-devel-macos-arm64 | 1.1.1 | 255.00 | OK | |||
r-devel-macos-x86_64 | 1.1.1 | 514.00 | OK | |||
r-devel-windows-x86_64 | 1.1.1 | 66.00 | 423.00 | 489.00 | OK | |
r-patched-linux-x86_64 | 1.1.1 | 65.62 | 460.54 | 526.16 | OK | |
r-release-linux-x86_64 | 1.1.1 | 57.93 | 461.11 | 519.04 | OK | |
r-release-macos-arm64 | 1.1.1 | 241.00 | OK | |||
r-release-macos-x86_64 | 1.1.1 | 392.00 | OK | |||
r-release-windows-x86_64 | 1.1.1 | 64.00 | 413.00 | 477.00 | OK | |
r-oldrel-macos-arm64 | 1.1.1 | 10.00 | ERROR | |||
r-oldrel-macos-x86_64 | 1.1.1 | 12.00 | ERROR | |||
r-oldrel-windows-x86_64 | 1.1.1 | 79.00 | 558.00 | 637.00 | OK |
Version: 1.1.1
Check: package dependencies
Result: ERROR
Package required but not available: ‘GSVA’
See section ‘The DESCRIPTION file’ in the ‘Writing R Extensions’
manual.
Flavors: r-oldrel-macos-arm64, r-oldrel-macos-x86_64
These binaries (installable software) and packages are in development.
They may not be fully stable and should be used with caution. We make no claims about them.