CRAN Package Check Results for Package clustermq

Last updated on 2025-05-08 04:52:01 CEST.

Flavor Version Tinstall Tcheck Ttotal Status Flags
r-devel-linux-x86_64-debian-clang 0.9.9 47.52 75.44 122.96 OK
r-devel-linux-x86_64-debian-gcc 0.9.9 35.88 61.38 97.26 OK
r-devel-linux-x86_64-fedora-clang 0.9.9 201.83 NOTE
r-devel-linux-x86_64-fedora-gcc 0.9.9 235.91 NOTE
r-devel-windows-x86_64 0.9.9 65.00 109.00 174.00 OK
r-patched-linux-x86_64 0.9.9 51.30 71.35 122.65 OK
r-release-linux-x86_64 0.9.9 47.26 70.97 118.23 OK
r-release-macos-arm64 0.9.9 88.00 OK
r-release-macos-x86_64 0.9.9 130.00 OK
r-release-windows-x86_64 0.9.9 65.00 115.00 180.00 OK
r-oldrel-macos-arm64 0.9.9 93.00 NOTE
r-oldrel-macos-x86_64 0.9.9 147.00 NOTE
r-oldrel-windows-x86_64 0.9.9 78.00 127.00 205.00 OK

Check Details

Version: 0.9.9
Check: dependencies in R code
Result: NOTE Namespace in Imports field not imported from: ‘R6’ All declared Imports should be used. Flavors: r-devel-linux-x86_64-fedora-clang, r-devel-linux-x86_64-fedora-gcc

Version: 0.9.9
Check: installed package size
Result: NOTE installed size is 17.0Mb sub-directories of 1Mb or more: libs 16.4Mb Flavors: r-oldrel-macos-arm64, r-oldrel-macos-x86_64

These binaries (installable software) and packages are in development.
They may not be fully stable and should be used with caution. We make no claims about them.