Last updated on 2025-05-08 04:52:01 CEST.
Flavor | Version | Tinstall | Tcheck | Ttotal | Status | Flags |
---|---|---|---|---|---|---|
r-devel-linux-x86_64-debian-clang | 0.1.1 | 3.46 | 576.68 | 580.14 | NOTE | |
r-devel-linux-x86_64-debian-gcc | 0.1.1 | 2.35 | 286.23 | 288.58 | NOTE | |
r-devel-linux-x86_64-fedora-clang | 0.1.1 | 951.22 | OK | |||
r-devel-linux-x86_64-fedora-gcc | 0.1.1 | 862.64 | OK | |||
r-devel-windows-x86_64 | 0.1.1 | 4.00 | 45.00 | 49.00 | OK | --no-examples --no-tests --no-vignettes |
r-patched-linux-x86_64 | 0.1.1 | 3.87 | 543.38 | 547.25 | OK | |
r-release-linux-x86_64 | 0.1.1 | 3.40 | 542.55 | 545.95 | OK | |
r-release-macos-arm64 | 0.1.1 | 152.00 | OK | |||
r-release-macos-x86_64 | 0.1.1 | 538.00 | OK | |||
r-release-windows-x86_64 | 0.1.1 | 4.00 | 47.00 | 51.00 | OK | --no-examples --no-tests --no-vignettes |
r-oldrel-macos-arm64 | 0.1.1 | 141.00 | NOTE | |||
r-oldrel-macos-x86_64 | 0.1.1 | 442.00 | NOTE | |||
r-oldrel-windows-x86_64 | 0.1.1 | 4.00 | 41.00 | 45.00 | NOTE | --no-examples --no-tests --no-vignettes |
Version: 0.1.1
Check: CRAN incoming feasibility
Result: NOTE
Maintainer: ‘Evelina Gabasova <egabasova@gmail.com>’
No Authors@R field in DESCRIPTION.
Please add one, modifying
Authors@R: person(given = "Evelina",
family = "Gabasova",
role = c("aut", "cre"),
email = "egabasova@gmail.com")
as necessary.
Flavors: r-devel-linux-x86_64-debian-clang, r-devel-linux-x86_64-debian-gcc
Version: 0.1.1
Check: LazyData
Result: NOTE
'LazyData' is specified without a 'data' directory
Flavors: r-oldrel-macos-arm64, r-oldrel-macos-x86_64
Version: 0.1.1
Flags: --no-examples --no-tests --no-vignettes
Check: LazyData
Result: NOTE
'LazyData' is specified without a 'data' directory
Flavor: r-oldrel-windows-x86_64
These binaries (installable software) and packages are in development.
They may not be fully stable and should be used with caution. We make no claims about them.