Last updated on 2025-02-16 10:50:43 CET.
Flavor | Version | Tinstall | Tcheck | Ttotal | Status | Flags |
---|---|---|---|---|---|---|
r-devel-linux-x86_64-debian-clang | 0.1.1 | 3.33 | 578.19 | 581.52 | OK | |
r-devel-linux-x86_64-debian-gcc | 0.1.1 | 2.47 | 295.59 | 298.06 | OK | |
r-devel-linux-x86_64-fedora-clang | 0.1.1 | 1034.51 | OK | |||
r-devel-linux-x86_64-fedora-gcc | 0.1.1 | 910.56 | OK | |||
r-devel-macos-arm64 | 0.1.1 | 171.00 | OK | |||
r-devel-macos-x86_64 | 0.1.1 | 571.00 | OK | |||
r-devel-windows-x86_64 | 0.1.1 | 4.00 | 45.00 | 49.00 | OK | --no-examples --no-tests --no-vignettes |
r-patched-linux-x86_64 | 0.1.1 | 3.43 | 486.06 | 489.49 | NOTE | |
r-release-linux-x86_64 | 0.1.1 | 3.43 | 527.91 | 531.34 | NOTE | |
r-release-macos-arm64 | 0.1.1 | 141.00 | NOTE | |||
r-release-macos-x86_64 | 0.1.1 | 442.00 | NOTE | |||
r-release-windows-x86_64 | 0.1.1 | 4.00 | 48.00 | 52.00 | NOTE | --no-examples --no-tests --no-vignettes |
r-oldrel-macos-arm64 | 0.1.1 | 191.00 | NOTE | |||
r-oldrel-macos-x86_64 | 0.1.1 | 350.00 | NOTE | |||
r-oldrel-windows-x86_64 | 0.1.1 | 5.00 | 60.00 | 65.00 | NOTE | --no-examples --no-tests --no-vignettes |
Version: 0.1.1
Check: LazyData
Result: NOTE
'LazyData' is specified without a 'data' directory
Flavors: r-patched-linux-x86_64, r-release-linux-x86_64, r-release-macos-arm64, r-release-macos-x86_64, r-oldrel-macos-arm64, r-oldrel-macos-x86_64
Version: 0.1.1
Flags: --no-examples --no-tests --no-vignettes
Check: LazyData
Result: NOTE
'LazyData' is specified without a 'data' directory
Flavors: r-release-windows-x86_64, r-oldrel-windows-x86_64
These binaries (installable software) and packages are in development.
They may not be fully stable and should be used with caution. We make no claims about them.