Last updated on 2025-10-23 23:49:25 CEST.
| Flavor | Version | Tinstall | Tcheck | Ttotal | Status | Flags |
|---|---|---|---|---|---|---|
| r-devel-linux-x86_64-debian-clang | 1.0.0 | 2.57 | 52.42 | 54.99 | NOTE | |
| r-devel-linux-x86_64-debian-gcc | 1.0.0 | 2.25 | 33.52 | 35.77 | OK | |
| r-devel-linux-x86_64-fedora-clang | 1.0.0 | 66.49 | OK | |||
| r-devel-linux-x86_64-fedora-gcc | 1.0.0 | 79.54 | OK | |||
| r-devel-windows-x86_64 | 1.0.0 | 4.00 | 68.00 | 72.00 | OK | |
| r-patched-linux-x86_64 | 1.0.0 | 2.59 | 48.36 | 50.95 | OK | |
| r-release-linux-x86_64 | 1.0.0 | 2.74 | 49.10 | 51.84 | OK | |
| r-release-macos-arm64 | 1.0.0 | 1.00 | 23.00 | 24.00 | OK | |
| r-release-macos-x86_64 | 1.0.0 | 4.00 | 51.00 | 55.00 | OK | |
| r-release-windows-x86_64 | 1.0.0 | 4.00 | 71.00 | 75.00 | OK | |
| r-oldrel-macos-arm64 | 1.0.0 | 1.00 | 26.00 | 27.00 | OK | |
| r-oldrel-macos-x86_64 | 1.0.0 | 2.00 | 43.00 | 45.00 | OK | |
| r-oldrel-windows-x86_64 | 1.0.0 | 4.00 | 89.00 | 93.00 | OK |
Version: 1.0.0
Check: HTML version of manual
Result: NOTE
Found the following HTML validation problems:
db1.html:49:1 (db1.Rd:13): Warning: missing </ul> before </div>
db2.html:49:1 (db2.Rd:13): Warning: missing </ul> before </div>
db3.html:50:1 (db3.Rd:14): Warning: missing </ul> before </div>
db4.html:49:1 (db4.Rd:13): Warning: missing </ul> before </div>
db5.html:50:1 (db5.Rd:14): Warning: missing </ul> before </div>
db6.html:49:1 (db6.Rd:13): Warning: missing </ul> before </div>
Flavor: r-devel-linux-x86_64-debian-clang
These binaries (installable software) and packages are in development.
They may not be fully stable and should be used with caution. We make no claims about them.