Last updated on 2025-10-23 23:49:25 CEST.
| Flavor | Version | Tinstall | Tcheck | Ttotal | Status | Flags |
|---|---|---|---|---|---|---|
| r-devel-linux-x86_64-debian-clang | 0.2.1 | 4.77 | 494.10 | 498.87 | NOTE | |
| r-devel-linux-x86_64-debian-gcc | 0.2.1 | 3.50 | 378.82 | 382.32 | OK | |
| r-devel-linux-x86_64-fedora-clang | 0.2.1 | 655.30 | OK | |||
| r-devel-linux-x86_64-fedora-gcc | 0.2.1 | 788.73 | OK | |||
| r-devel-windows-x86_64 | 0.2.1 | 6.00 | 515.00 | 521.00 | OK | |
| r-patched-linux-x86_64 | 0.2.1 | 5.59 | 494.17 | 499.76 | OK | |
| r-release-linux-x86_64 | 0.2.1 | 4.41 | 491.90 | 496.31 | OK | |
| r-release-macos-arm64 | 0.2.1 | 3.00 | 235.00 | 238.00 | OK | |
| r-release-macos-x86_64 | 0.2.1 | 5.00 | 471.00 | 476.00 | OK | |
| r-release-windows-x86_64 | 0.2.1 | 6.00 | 520.00 | 526.00 | OK | |
| r-oldrel-macos-arm64 | 0.2.1 | 3.00 | 204.00 | 207.00 | OK | |
| r-oldrel-macos-x86_64 | 0.2.1 | 4.00 | 360.00 | 364.00 | OK | |
| r-oldrel-windows-x86_64 | 0.2.1 | 8.00 | 693.00 | 701.00 | OK |
Version: 0.2.1
Check: HTML version of manual
Result: NOTE
Found the following HTML validation problems:
kchoose.html:66:1 (kchoose.Rd:21): Warning: missing </ul> before </div>
plot_smooths.html:83:1 (plot_smooths.Rd:36): Warning: missing </ul> before </div>
Flavor: r-devel-linux-x86_64-debian-clang
These binaries (installable software) and packages are in development.
They may not be fully stable and should be used with caution. We make no claims about them.