Last updated on 2025-05-01 12:49:24 CEST.
Flavor | Version | Tinstall | Tcheck | Ttotal | Status | Flags |
---|---|---|---|---|---|---|
r-devel-linux-x86_64-debian-clang | 1.0 | 7.80 | 61.09 | 68.89 | NOTE | |
r-devel-linux-x86_64-debian-gcc | 1.0 | 5.10 | 42.09 | 47.19 | NOTE | |
r-devel-linux-x86_64-fedora-clang | 1.0 | 95.12 | NOTE | |||
r-devel-linux-x86_64-fedora-gcc | 1.0 | 85.19 | NOTE | |||
r-devel-windows-x86_64 | 1.0 | 8.00 | 73.00 | 81.00 | OK | |
r-patched-linux-x86_64 | 1.0 | 6.96 | 53.61 | 60.57 | OK | |
r-release-linux-x86_64 | OK | |||||
r-release-macos-arm64 | 1.0 | 29.00 | OK | |||
r-release-macos-x86_64 | 1.0 | 54.00 | OK | |||
r-release-windows-x86_64 | 1.0 | 8.00 | 74.00 | 82.00 | OK | |
r-oldrel-macos-arm64 | 1.0 | 29.00 | OK | |||
r-oldrel-macos-x86_64 | 1.0 | 50.00 | OK | |||
r-oldrel-windows-x86_64 | 1.0 | 11.00 | 90.00 | 101.00 | OK |
Version: 1.0
Check: CRAN incoming feasibility
Result: NOTE
Maintainer: ‘Dan S. Reznik <dreznik@gmail.com>’
No Authors@R field in DESCRIPTION.
Please add one, modifying
Authors@R: person(given = c("Dan", "S."),
family = "Reznik",
role = c("aut", "cre"),
email = "dreznik@gmail.com")
as necessary.
Flavors: r-devel-linux-x86_64-debian-clang, r-devel-linux-x86_64-debian-gcc
Version: 1.0
Check: dependencies in R code
Result: NOTE
Namespace in Imports field not imported from: ‘stringi’
All declared Imports should be used.
Flavors: r-devel-linux-x86_64-fedora-clang, r-devel-linux-x86_64-fedora-gcc
These binaries (installable software) and packages are in development.
They may not be fully stable and should be used with caution. We make no claims about them.