Last updated on 2025-07-02 03:50:38 CEST.
Flavor | Version | Tinstall | Tcheck | Ttotal | Status | Flags |
---|---|---|---|---|---|---|
r-devel-linux-x86_64-debian-clang | 0.1.3 | 279.50 | 67.80 | 347.30 | OK | |
r-devel-linux-x86_64-debian-gcc | 0.1.3 | 193.53 | 52.05 | 245.58 | OK | |
r-devel-linux-x86_64-fedora-clang | 0.1.3 | 726.44 | OK | |||
r-devel-linux-x86_64-fedora-gcc | 0.1.3 | 629.19 | OK | |||
r-devel-windows-x86_64 | 0.1.3 | 328.00 | 113.00 | 441.00 | OK | |
r-patched-linux-x86_64 | OK | |||||
r-release-linux-x86_64 | 0.1.3 | 270.03 | 61.85 | 331.88 | OK | |
r-release-macos-arm64 | 0.1.3 | 131.00 | OK | |||
r-release-macos-x86_64 | 0.1.3 | 137.00 | OK | |||
r-release-windows-x86_64 | 0.1.3 | 325.00 | 113.00 | 438.00 | OK | |
r-oldrel-macos-arm64 | 0.1.3 | 142.00 | NOTE | |||
r-oldrel-macos-x86_64 | 0.1.3 | 165.00 | NOTE | |||
r-oldrel-windows-x86_64 | 0.1.3 | 376.00 | 139.00 | 515.00 | OK |
Version: 0.1.3
Check: installed package size
Result: NOTE
installed size is 19.5Mb
sub-directories of 1Mb or more:
libs 19.1Mb
Flavors: r-oldrel-macos-arm64, r-oldrel-macos-x86_64
These binaries (installable software) and packages are in development.
They may not be fully stable and should be used with caution. We make no claims about them.