Last updated on 2025-05-08 04:52:01 CEST.
Flavor | Version | Tinstall | Tcheck | Ttotal | Status | Flags |
---|---|---|---|---|---|---|
r-devel-linux-x86_64-debian-clang | 0.1.3 | 267.53 | 65.46 | 332.99 | OK | |
r-devel-linux-x86_64-debian-gcc | 0.1.3 | 190.62 | 49.65 | 240.27 | OK | |
r-devel-linux-x86_64-fedora-clang | 0.1.3 | 735.21 | OK | |||
r-devel-linux-x86_64-fedora-gcc | 0.1.3 | 737.22 | OK | |||
r-devel-windows-x86_64 | 0.1.3 | 327.00 | 114.00 | 441.00 | OK | |
r-patched-linux-x86_64 | 0.1.3 | 271.00 | 62.56 | 333.56 | OK | |
r-release-linux-x86_64 | 0.1.3 | 265.80 | 62.75 | 328.55 | OK | |
r-release-macos-arm64 | 0.1.3 | 131.00 | OK | |||
r-release-macos-x86_64 | 0.1.3 | 137.00 | OK | |||
r-release-windows-x86_64 | 0.1.3 | 331.00 | 116.00 | 447.00 | OK | |
r-oldrel-macos-arm64 | 0.1.3 | 142.00 | NOTE | |||
r-oldrel-macos-x86_64 | 0.1.3 | 165.00 | NOTE | |||
r-oldrel-windows-x86_64 | 0.1.3 | 375.00 | 139.00 | 514.00 | OK |
Version: 0.1.3
Check: installed package size
Result: NOTE
installed size is 19.5Mb
sub-directories of 1Mb or more:
libs 19.1Mb
Flavors: r-oldrel-macos-arm64, r-oldrel-macos-x86_64
These binaries (installable software) and packages are in development.
They may not be fully stable and should be used with caution. We make no claims about them.