Last updated on 2025-11-13 17:50:30 CET.
| Flavor | Version | Tinstall | Tcheck | Ttotal | Status | Flags |
|---|---|---|---|---|---|---|
| r-devel-linux-x86_64-debian-clang | 0.1.3 | 266.23 | 67.11 | 333.34 | OK | |
| r-devel-linux-x86_64-debian-gcc | 0.1.3 | 179.44 | 51.42 | 230.86 | OK | |
| r-devel-linux-x86_64-fedora-clang | 0.1.3 | 578.00 | 136.93 | 714.93 | OK | |
| r-devel-linux-x86_64-fedora-gcc | 0.1.3 | 563.00 | 71.91 | 634.91 | OK | |
| r-devel-windows-x86_64 | 0.1.3 | 336.00 | 105.00 | 441.00 | OK | |
| r-patched-linux-x86_64 | 0.1.3 | 267.75 | 63.57 | 331.32 | OK | |
| r-release-linux-x86_64 | 0.1.3 | 258.33 | 63.84 | 322.17 | OK | |
| r-release-macos-arm64 | 0.1.3 | 101.00 | 30.00 | 131.00 | OK | |
| r-release-macos-x86_64 | 0.1.3 | 69.00 | 68.00 | 137.00 | OK | |
| r-release-windows-x86_64 | 0.1.3 | 331.00 | 113.00 | 444.00 | OK | |
| r-oldrel-macos-arm64 | 0.1.3 | 97.00 | 45.00 | 142.00 | NOTE | |
| r-oldrel-macos-x86_64 | 0.1.3 | 87.00 | 78.00 | 165.00 | NOTE | |
| r-oldrel-windows-x86_64 | 0.1.3 | 387.00 | 136.00 | 523.00 | OK |
Version: 0.1.3
Check: installed package size
Result: NOTE
installed size is 19.5Mb
sub-directories of 1Mb or more:
libs 19.1Mb
Flavors: r-oldrel-macos-arm64, r-oldrel-macos-x86_64
These binaries (installable software) and packages are in development.
They may not be fully stable and should be used with caution. We make no claims about them.