Last updated on 2025-05-01 08:52:29 CEST.
Flavor | Version | Tinstall | Tcheck | Ttotal | Status | Flags |
---|---|---|---|---|---|---|
r-devel-linux-x86_64-debian-clang | 2.3.5 | 7.18 | 79.80 | 86.98 | NOTE | |
r-devel-linux-x86_64-debian-gcc | 2.3.5 | 6.15 | 59.48 | 65.63 | OK | |
r-devel-linux-x86_64-fedora-clang | 2.3.5 | 135.54 | OK | |||
r-devel-linux-x86_64-fedora-gcc | 2.3.5 | 143.21 | OK | |||
r-devel-windows-x86_64 | 2.3.5 | 11.00 | 104.00 | 115.00 | OK | --no-vignettes |
r-patched-linux-x86_64 | 2.3.5 | 8.27 | 75.54 | 83.81 | OK | |
r-release-linux-x86_64 | OK | |||||
r-release-macos-arm64 | 2.3.5 | 47.00 | OK | |||
r-release-macos-x86_64 | 2.3.5 | 94.00 | OK | |||
r-release-windows-x86_64 | 2.3.5 | 11.00 | 107.00 | 118.00 | OK | --no-vignettes |
r-oldrel-macos-arm64 | 2.3.5 | 52.00 | OK | |||
r-oldrel-macos-x86_64 | 2.3.5 | 97.00 | OK | |||
r-oldrel-windows-x86_64 | 2.3.5 | 12.00 | 102.00 | 114.00 | OK | --no-vignettes |
Version: 2.3.5
Check: examples
Result: NOTE
Examples with CPU (user + system) or elapsed time > 5s
user system elapsed
clustvarsel 4.27 0.225 5.342
Flavor: r-devel-linux-x86_64-debian-clang
These binaries (installable software) and packages are in development.
They may not be fully stable and should be used with caution. We make no claims about them.