Last updated on 2025-10-23 17:50:44 CEST.
| Flavor | Version | Tinstall | Tcheck | Ttotal | Status | Flags |
|---|---|---|---|---|---|---|
| r-devel-linux-x86_64-debian-clang | 1.0-12 | 1.88 | 25.14 | 27.02 | NOTE | |
| r-devel-linux-x86_64-debian-gcc | 1.0-12 | 1.45 | 19.16 | 20.61 | NOTE | |
| r-devel-linux-x86_64-fedora-clang | 1.0-12 | 31.43 | OK | |||
| r-devel-linux-x86_64-fedora-gcc | 1.0-12 | 37.33 | OK | |||
| r-devel-windows-x86_64 | 1.0-12 | 3.00 | 47.00 | 50.00 | OK | |
| r-patched-linux-x86_64 | 1.0-12 | 1.72 | 23.33 | 25.05 | OK | |
| r-release-linux-x86_64 | 1.0-12 | 1.75 | 23.73 | 25.48 | OK | |
| r-release-macos-arm64 | 1.0-12 | 1.00 | 17.00 | 18.00 | OK | |
| r-release-macos-x86_64 | 1.0-12 | 2.00 | 33.00 | 35.00 | OK | |
| r-release-windows-x86_64 | 1.0-12 | 3.00 | 49.00 | 52.00 | OK | |
| r-oldrel-macos-arm64 | 1.0-12 | 1.00 | 19.00 | 20.00 | OK | |
| r-oldrel-macos-x86_64 | 1.0-12 | 2.00 | 21.00 | 23.00 | OK | |
| r-oldrel-windows-x86_64 | 1.0-12 | 4.00 | 52.00 | 56.00 | OK |
Version: 1.0-12
Check: CRAN incoming feasibility
Result: NOTE
Maintainer: ‘Olaf Mersmann <olafm@statistik.tu-dortmund.de>’
No Authors@R field in DESCRIPTION.
Please add one, modifying
Authors@R: c(person(given = "Heike",
family = "Trautmann",
role = "aut",
email = "trautmann@statistik.tu-dortmund.de"),
person(given = "Olaf",
family = "Mersmann",
role = c("aut", "cre"),
email = "olafm@statistik.tu-dortmund.de"),
person(given = "David",
family = "Arnu",
role = "aut",
email = "david.arnu@statistik.tu-dortmund.de"))
as necessary.
Flavors: r-devel-linux-x86_64-debian-clang, r-devel-linux-x86_64-debian-gcc
These binaries (installable software) and packages are in development.
They may not be fully stable and should be used with caution. We make no claims about them.