Last updated on 2025-10-23 21:51:23 CEST.
Flavor | Version | Tinstall | Tcheck | Ttotal | Status | Flags |
---|---|---|---|---|---|---|
r-devel-linux-x86_64-debian-clang | 1.0.3 | 7.27 | 62.90 | 70.17 | NOTE | |
r-devel-linux-x86_64-debian-gcc | 1.0.3 | 4.90 | 43.63 | 48.53 | OK | |
r-devel-linux-x86_64-fedora-clang | 1.0.3 | 78.55 | OK | |||
r-devel-linux-x86_64-fedora-gcc | 1.0.3 | 16.00 | 81.15 | 97.15 | OK | |
r-devel-windows-x86_64 | 1.0.3 | 8.00 | 69.00 | 77.00 | OK | |
r-patched-linux-x86_64 | 1.0.3 | 6.65 | 56.63 | 63.28 | OK | |
r-release-linux-x86_64 | 1.0.3 | 6.62 | 56.45 | 63.07 | OK | |
r-release-macos-arm64 | 1.0.3 | 3.00 | 25.00 | 28.00 | OK | |
r-release-macos-x86_64 | 1.0.3 | 5.00 | 43.00 | 48.00 | OK | |
r-release-windows-x86_64 | 1.0.3 | 9.00 | 70.00 | 79.00 | OK | |
r-oldrel-macos-arm64 | 1.0.3 | 3.00 | 24.00 | 27.00 | OK | |
r-oldrel-macos-x86_64 | 1.0.3 | 4.00 | 35.00 | 39.00 | OK | |
r-oldrel-windows-x86_64 | 1.0.3 | 11.00 | 89.00 | 100.00 | OK |
Version: 1.0.3
Check: HTML version of manual
Result: NOTE
Found the following HTML validation problems:
callMonitor.html:57:1 (callMonitor.Rd:17): Warning: missing </ul> before </div>
Flavor: r-devel-linux-x86_64-debian-clang
These binaries (installable software) and packages are in development.
They may not be fully stable and should be used with caution. We make no claims about them.