Last updated on 2025-05-08 04:52:01 CEST.
Flavor | Version | Tinstall | Tcheck | Ttotal | Status | Flags |
---|---|---|---|---|---|---|
r-devel-linux-x86_64-debian-clang | 0.0.1 | 8.74 | 26.97 | 35.71 | NOTE | |
r-devel-linux-x86_64-debian-gcc | 0.0.1 | 6.75 | 20.58 | 27.33 | NOTE | |
r-devel-linux-x86_64-fedora-clang | 0.0.1 | 53.82 | NOTE | |||
r-devel-linux-x86_64-fedora-gcc | 0.0.1 | 52.71 | NOTE | |||
r-devel-windows-x86_64 | 0.0.1 | 16.00 | 49.00 | 65.00 | NOTE | |
r-patched-linux-x86_64 | 0.0.1 | 8.67 | 25.62 | 34.29 | NOTE | |
r-release-linux-x86_64 | 0.0.1 | 7.94 | 25.83 | 33.77 | NOTE | |
r-release-macos-arm64 | 0.0.1 | 21.00 | NOTE | |||
r-release-macos-x86_64 | 0.0.1 | 49.00 | NOTE | |||
r-release-windows-x86_64 | 0.0.1 | 16.00 | 53.00 | 69.00 | NOTE | |
r-oldrel-macos-arm64 | 0.0.1 | 27.00 | NOTE | |||
r-oldrel-macos-x86_64 | 0.0.1 | 43.00 | NOTE | |||
r-oldrel-windows-x86_64 | 0.0.1 | 16.00 | 46.00 | 62.00 | NOTE |
Version: 0.0.1
Check: Rd files
Result: NOTE
checkRd: (-1) cmb.search.Rd:50: Lost braces; missing escapes or markup?
50 | \item{order}{applied conditioning order {length p}}
| ^
Flavors: r-devel-linux-x86_64-debian-clang, r-devel-linux-x86_64-debian-gcc, r-devel-linux-x86_64-fedora-clang, r-devel-linux-x86_64-fedora-gcc, r-devel-windows-x86_64, r-patched-linux-x86_64, r-release-linux-x86_64, r-release-macos-arm64, r-release-macos-x86_64, r-release-windows-x86_64, r-oldrel-macos-arm64, r-oldrel-macos-x86_64, r-oldrel-windows-x86_64
Version: 0.0.1
Check: for unstated dependencies in ‘demo’
Result: NOTE
'library' or 'require' calls not declared from:
‘HDclassif’ ‘MixSim’ ‘mclust’
Flavors: r-devel-linux-x86_64-debian-clang, r-devel-linux-x86_64-debian-gcc, r-patched-linux-x86_64, r-release-linux-x86_64
These binaries (installable software) and packages are in development.
They may not be fully stable and should be used with caution. We make no claims about them.