Last updated on 2025-11-11 15:50:30 CET.
| Flavor | Version | Tinstall | Tcheck | Ttotal | Status | Flags |
|---|---|---|---|---|---|---|
| r-devel-linux-x86_64-debian-clang | 0.0.1 | 8.21 | 29.09 | 37.30 | NOTE | |
| r-devel-linux-x86_64-debian-gcc | 0.0.1 | 6.72 | 22.07 | 28.79 | NOTE | |
| r-devel-linux-x86_64-fedora-clang | 0.0.1 | 17.00 | 37.08 | 54.08 | NOTE | |
| r-devel-linux-x86_64-fedora-gcc | 0.0.1 | 19.00 | 33.42 | 52.42 | NOTE | |
| r-devel-windows-x86_64 | 0.0.1 | 17.00 | 50.00 | 67.00 | NOTE | |
| r-patched-linux-x86_64 | 0.0.1 | 8.34 | 27.14 | 35.48 | NOTE | |
| r-release-linux-x86_64 | 0.0.1 | 7.79 | 27.11 | 34.90 | NOTE | |
| r-release-macos-arm64 | 0.0.1 | 5.00 | 16.00 | 21.00 | NOTE | |
| r-release-macos-x86_64 | 0.0.1 | 10.00 | 39.00 | 49.00 | NOTE | |
| r-release-windows-x86_64 | 0.0.1 | 17.00 | 48.00 | 65.00 | NOTE | |
| r-oldrel-macos-arm64 | 0.0.1 | 5.00 | 22.00 | 27.00 | NOTE | |
| r-oldrel-macos-x86_64 | 0.0.1 | 8.00 | 35.00 | 43.00 | NOTE | |
| r-oldrel-windows-x86_64 | 0.0.1 | 16.00 | 46.00 | 62.00 | NOTE |
Version: 0.0.1
Check: Rd files
Result: NOTE
checkRd: (-1) cmb.search.Rd:50: Lost braces; missing escapes or markup?
50 | \item{order}{applied conditioning order {length p}}
| ^
Flavors: r-devel-linux-x86_64-debian-clang, r-devel-linux-x86_64-debian-gcc, r-devel-linux-x86_64-fedora-clang, r-devel-linux-x86_64-fedora-gcc, r-devel-windows-x86_64, r-patched-linux-x86_64, r-release-linux-x86_64, r-release-macos-arm64, r-release-macos-x86_64, r-release-windows-x86_64, r-oldrel-macos-arm64, r-oldrel-macos-x86_64, r-oldrel-windows-x86_64
Version: 0.0.1
Check: for unstated dependencies in ‘demo’
Result: NOTE
'library' or 'require' calls not declared from:
‘HDclassif’ ‘MixSim’ ‘mclust’
Flavors: r-devel-linux-x86_64-debian-clang, r-devel-linux-x86_64-debian-gcc, r-patched-linux-x86_64, r-release-linux-x86_64
These binaries (installable software) and packages are in development.
They may not be fully stable and should be used with caution. We make no claims about them.