Last updated on 2024-07-27 15:50:13 CEST.
Flavor | Version | Tinstall | Tcheck | Ttotal | Status | Flags |
---|---|---|---|---|---|---|
r-devel-linux-x86_64-debian-clang | 1.0.2 | 2.53 | 38.66 | 41.19 | NOTE | |
r-devel-linux-x86_64-debian-gcc | 1.0.2 | NOTE | ||||
r-devel-linux-x86_64-fedora-clang | 1.0.2 | 54.29 | NOTE | |||
r-devel-linux-x86_64-fedora-gcc | 1.0.2 | 62.01 | NOTE | |||
r-devel-windows-x86_64 | 1.0.2 | 7.00 | 54.00 | 61.00 | NOTE | |
r-patched-linux-x86_64 | 1.0.2 | NOTE | ||||
r-release-linux-x86_64 | 1.0.2 | 1.94 | 36.77 | 38.71 | NOTE | |
r-release-macos-arm64 | 1.0.2 | 27.00 | NOTE | |||
r-release-macos-x86_64 | 1.0.2 | 38.00 | NOTE | |||
r-release-windows-x86_64 | 1.0.2 | 4.00 | 52.00 | 56.00 | NOTE | |
r-oldrel-macos-arm64 | 1.0.2 | 27.00 | NOTE | |||
r-oldrel-macos-x86_64 | 1.0.2 | 39.00 | NOTE | |||
r-oldrel-windows-x86_64 | 1.0.2 | 6.00 | 55.00 | 61.00 | NOTE |
Version: 1.0.2
Check: LazyData
Result: NOTE
'LazyData' is specified without a 'data' directory
Flavors: r-devel-linux-x86_64-debian-clang, r-devel-linux-x86_64-debian-gcc, r-devel-linux-x86_64-fedora-clang, r-devel-linux-x86_64-fedora-gcc, r-devel-windows-x86_64, r-patched-linux-x86_64, r-release-linux-x86_64, r-release-macos-arm64, r-release-macos-x86_64, r-release-windows-x86_64, r-oldrel-macos-arm64, r-oldrel-macos-x86_64, r-oldrel-windows-x86_64
These binaries (installable software) and packages are in development.
They may not be fully stable and should be used with caution. We make no claims about them.