Last updated on 2025-02-16 10:50:43 CET.
Flavor | Version | Tinstall | Tcheck | Ttotal | Status | Flags |
---|---|---|---|---|---|---|
r-devel-linux-x86_64-debian-clang | 1.0.3 | 1.70 | 19.11 | 20.81 | OK | |
r-devel-linux-x86_64-debian-gcc | 1.0.3 | 1.40 | 15.42 | 16.82 | OK | |
r-devel-linux-x86_64-fedora-clang | 1.0.3 | 35.14 | OK | |||
r-devel-linux-x86_64-fedora-gcc | 1.0.3 | 31.73 | OK | |||
r-devel-macos-arm64 | 1.0.3 | 17.00 | OK | |||
r-devel-macos-x86_64 | 1.0.3 | 26.00 | OK | |||
r-devel-windows-x86_64 | 1.0.3 | 3.00 | 43.00 | 46.00 | OK | |
r-patched-linux-x86_64 | 1.0.3 | 1.92 | 18.26 | 20.18 | OK | |
r-release-linux-x86_64 | 1.0.3 | 1.76 | 18.40 | 20.16 | OK | |
r-release-macos-arm64 | 1.0.3 | 18.00 | OK | |||
r-release-macos-x86_64 | 1.0.3 | 23.00 | OK | |||
r-release-windows-x86_64 | 1.0.3 | 4.00 | 58.00 | 62.00 | OK | |
r-oldrel-macos-arm64 | 1.0.3 | 11.00 | ERROR | |||
r-oldrel-macos-x86_64 | 0.1.2 | 28.00 | NOTE | |||
r-oldrel-windows-x86_64 | 0.1.2 | 4.00 | 45.00 | 49.00 | NOTE |
Version: 1.0.3
Check: whether package can be installed
Result: ERROR
Installation failed.
Flavor: r-oldrel-macos-arm64
Version: 0.1.2
Check: LazyData
Result: NOTE
'LazyData' is specified without a 'data' directory
Flavors: r-oldrel-macos-x86_64, r-oldrel-windows-x86_64
These binaries (installable software) and packages are in development.
They may not be fully stable and should be used with caution. We make no claims about them.