CRAN Package Check Results for Package cmprsk

Last updated on 2025-02-16 10:50:43 CET.

Flavor Version Tinstall Tcheck Ttotal Status Flags
r-devel-linux-x86_64-debian-clang 2.2-12 8.75 55.76 64.51 OK
r-devel-linux-x86_64-debian-gcc 2.2-12 6.84 40.89 47.73 OK
r-devel-linux-x86_64-fedora-clang 2.2-12 106.96 NOTE
r-devel-linux-x86_64-fedora-gcc 2.2-12 97.41 NOTE
r-devel-macos-arm64 2.2-12 37.00 OK
r-devel-macos-x86_64 2.2-12 58.00 OK
r-devel-windows-x86_64 2.2-12 11.00 73.00 84.00 OK
r-patched-linux-x86_64 2.2-12 8.61 52.77 61.38 OK
r-release-linux-x86_64 2.2-12 8.23 52.14 60.37 OK
r-release-macos-arm64 2.2-12 35.00 OK
r-release-macos-x86_64 2.2-12 47.00 OK
r-release-windows-x86_64 2.2-12 12.00 73.00 85.00 OK
r-oldrel-macos-arm64 2.2-12 53.00 OK
r-oldrel-macos-x86_64 2.2-12 132.00 OK
r-oldrel-windows-x86_64 2.2-12 16.00 80.00 96.00 OK

Check Details

Version: 2.2-12
Check: compiled code
Result: NOTE File ‘cmprsk/libs/cmprsk.so’: Found no calls to: ‘R_registerRoutines’, ‘R_useDynamicSymbols’ It is good practice to register native routines and to disable symbol search. See ‘Writing portable packages’ in the ‘Writing R Extensions’ manual. Flavors: r-devel-linux-x86_64-fedora-clang, r-devel-linux-x86_64-fedora-gcc

These binaries (installable software) and packages are in development.
They may not be fully stable and should be used with caution. We make no claims about them.