Last updated on 2025-02-21 15:51:45 CET.
Flavor | Version | Tinstall | Tcheck | Ttotal | Status | Flags |
---|---|---|---|---|---|---|
r-devel-linux-x86_64-debian-clang | 0.9.2 | 8.26 | 59.44 | 67.70 | NOTE | |
r-devel-linux-x86_64-debian-gcc | 0.9.2 | 5.76 | 45.18 | 50.94 | NOTE | |
r-devel-linux-x86_64-fedora-clang | 0.9.2 | 105.07 | NOTE | |||
r-devel-linux-x86_64-fedora-gcc | 0.9.2 | 100.33 | NOTE | |||
r-devel-macos-arm64 | 0.9.2 | 40.00 | NOTE | |||
r-devel-macos-x86_64 | 0.9.2 | 73.00 | NOTE | |||
r-devel-windows-x86_64 | 0.9.2 | 9.00 | 76.00 | 85.00 | NOTE | |
r-patched-linux-x86_64 | 0.9.2 | 6.48 | 56.83 | 63.31 | NOTE | |
r-release-linux-x86_64 | 0.9.2 | 6.39 | 56.52 | 62.91 | NOTE | |
r-release-macos-arm64 | 0.9.2 | 33.00 | NOTE | |||
r-release-macos-x86_64 | 0.9.2 | 49.00 | NOTE | |||
r-release-windows-x86_64 | 0.9.2 | 10.00 | 72.00 | 82.00 | NOTE | |
r-oldrel-macos-arm64 | 0.9.2 | 36.00 | NOTE | |||
r-oldrel-macos-x86_64 | 0.9.2 | 60.00 | NOTE | |||
r-oldrel-windows-x86_64 | 0.9.2 | 12.00 | 82.00 | 94.00 | NOTE |
Version: 0.9.2
Check: Rd files
Result: NOTE
checkRd: (-1) plot.predict.crrQR.Rd:18: Escaped LaTeX specials: \#
checkRd: (-1) plot.predict.crrQR.Rd:22: Escaped LaTeX specials: \#
Flavors: r-devel-linux-x86_64-debian-clang, r-devel-linux-x86_64-debian-gcc, r-devel-linux-x86_64-fedora-clang, r-devel-linux-x86_64-fedora-gcc, r-devel-macos-arm64, r-devel-macos-x86_64, r-devel-windows-x86_64, r-patched-linux-x86_64, r-release-linux-x86_64, r-release-macos-arm64, r-release-macos-x86_64, r-release-windows-x86_64, r-oldrel-macos-arm64, r-oldrel-macos-x86_64, r-oldrel-windows-x86_64
These binaries (installable software) and packages are in development.
They may not be fully stable and should be used with caution. We make no claims about them.