Last updated on 2025-11-12 19:51:44 CET.
| Flavor | Version | Tinstall | Tcheck | Ttotal | Status | Flags |
|---|---|---|---|---|---|---|
| r-devel-linux-x86_64-debian-clang | 0.2.1 | 13.11 | 123.89 | 137.00 | NOTE | |
| r-devel-linux-x86_64-debian-gcc | 0.2.1 | 7.76 | 91.13 | 98.89 | NOTE | |
| r-devel-linux-x86_64-fedora-clang | 0.2.1 | 25.00 | 182.22 | 207.22 | OK | |
| r-devel-linux-x86_64-fedora-gcc | 0.2.1 | 27.00 | 191.88 | 218.88 | OK | |
| r-devel-windows-x86_64 | 0.2.1 | 14.00 | 139.00 | 153.00 | OK | |
| r-patched-linux-x86_64 | 0.2.1 | 12.22 | 116.18 | 128.40 | OK | |
| r-release-linux-x86_64 | 0.2.1 | 11.86 | 118.35 | 130.21 | OK | |
| r-release-macos-arm64 | 0.2.1 | 7.00 | 71.00 | 78.00 | OK | |
| r-release-macos-x86_64 | 0.2.1 | 10.00 | 121.00 | 131.00 | OK | |
| r-release-windows-x86_64 | 0.2.1 | 14.00 | 139.00 | 153.00 | OK | |
| r-oldrel-macos-arm64 | 0.2.1 | 5.00 | 57.00 | 62.00 | OK | |
| r-oldrel-macos-x86_64 | 0.2.1 | 8.00 | 107.00 | 115.00 | OK | |
| r-oldrel-windows-x86_64 | 0.2.1 | 19.00 | 166.00 | 185.00 | OK |
Version: 0.2.1
Check: CRAN incoming feasibility
Result: NOTE
Maintainer: ‘Yiran Zhang <yiz038@health.ucsd.edu>’
No Authors@R field in DESCRIPTION.
Please add one, modifying
Authors@R: c(person(given = "Yiran",
family = "Zhang",
role = c("aut", "cre"),
email = "yiz038@health.ucsd.edu"),
person(given = "Ronghui",
family = "Xu",
role = "aut"))
as necessary.
Flavors: r-devel-linux-x86_64-debian-clang, r-devel-linux-x86_64-debian-gcc
These binaries (installable software) and packages are in development.
They may not be fully stable and should be used with caution. We make no claims about them.