Last updated on 2025-07-13 19:49:42 CEST.
Flavor | Version | Tinstall | Tcheck | Ttotal | Status | Flags |
---|---|---|---|---|---|---|
r-devel-linux-x86_64-debian-clang | 0.1.2 | 7.81 | 93.24 | 101.05 | NOTE | |
r-devel-linux-x86_64-debian-gcc | 0.1.2 | 5.19 | 64.37 | 69.56 | NOTE | |
r-devel-linux-x86_64-fedora-clang | 0.1.2 | 148.10 | OK | |||
r-devel-linux-x86_64-fedora-gcc | 0.1.2 | 153.98 | OK | |||
r-devel-windows-x86_64 | 0.1.2 | 12.00 | 106.00 | 118.00 | OK | |
r-patched-linux-x86_64 | 0.1.2 | 7.27 | 84.25 | 91.52 | OK | |
r-release-linux-x86_64 | 0.1.2 | 7.13 | 84.05 | 91.18 | OK | |
r-release-macos-arm64 | 0.1.2 | 64.00 | OK | |||
r-release-macos-x86_64 | 0.1.2 | 106.00 | OK | |||
r-release-windows-x86_64 | 0.1.2 | 12.00 | 115.00 | 127.00 | OK | |
r-oldrel-macos-arm64 | 0.1.2 | 53.00 | OK | |||
r-oldrel-macos-x86_64 | 0.1.2 | 94.00 | OK | |||
r-oldrel-windows-x86_64 | 0.1.2 | 16.00 | 128.00 | 144.00 | OK |
Version: 0.1.2
Check: CRAN incoming feasibility
Result: NOTE
Maintainer: ‘Wangqian Ju <wju@iastate.edu>’
Package CITATION file contains call(s) to old-style citEntry(). Please
use bibentry() instead.
Flavors: r-devel-linux-x86_64-debian-clang, r-devel-linux-x86_64-debian-gcc
These binaries (installable software) and packages are in development.
They may not be fully stable and should be used with caution. We make no claims about them.