CRAN Package Check Results for Package cmrutils

Last updated on 2025-10-24 05:50:35 CEST.

Flavor Version Tinstall Tcheck Ttotal Status Flags
r-devel-linux-x86_64-debian-clang 1.3.1 1.64 20.79 22.43 NOTE
r-devel-linux-x86_64-debian-gcc 1.3.1 1.51 17.67 19.18 NOTE
r-devel-linux-x86_64-fedora-clang 1.3.1 25.73 OK
r-devel-linux-x86_64-fedora-gcc 1.3.1 32.46 OK
r-devel-windows-x86_64 1.3.1 3.00 40.00 43.00 OK
r-patched-linux-x86_64 1.3.1 1.77 19.86 21.63 OK
r-release-linux-x86_64 1.3.1 1.62 20.13 21.75 OK
r-release-macos-arm64 1.3.1 1.00 16.00 17.00 OK
r-release-macos-x86_64 1.3.1 3.00 31.00 34.00 OK
r-release-windows-x86_64 1.3.1 4.00 43.00 47.00 OK
r-oldrel-macos-arm64 1.3.1 1.00 19.00 20.00 OK
r-oldrel-macos-x86_64 1.3.1 1.00 27.00 28.00 OK
r-oldrel-windows-x86_64 1.3.1 4.00 47.00 51.00 OK

Additional issues

donttest

Check Details

Version: 1.3.1
Check: CRAN incoming feasibility
Result: NOTE Maintainer: ‘Andrey Paramonov <paramon@acdlabs.ru>’ No Authors@R field in DESCRIPTION. Please add one, modifying Authors@R: person(given = "Andrey", family = "Paramonov", role = c("aut", "cre"), email = "paramon@acdlabs.ru") as necessary. Flavors: r-devel-linux-x86_64-debian-clang, r-devel-linux-x86_64-debian-gcc

These binaries (installable software) and packages are in development.
They may not be fully stable and should be used with caution. We make no claims about them.