Last updated on 2025-02-16 10:50:43 CET.
Flavor | Version | Tinstall | Tcheck | Ttotal | Status | Flags |
---|---|---|---|---|---|---|
r-devel-linux-x86_64-debian-clang | 0.10.0 | 8.45 | 210.81 | 219.26 | NOTE | |
r-devel-linux-x86_64-debian-gcc | 0.10.0 | 5.11 | 145.49 | 150.60 | NOTE | |
r-devel-linux-x86_64-fedora-clang | 0.10.0 | 357.57 | NOTE | |||
r-devel-linux-x86_64-fedora-gcc | 0.10.0 | 399.74 | NOTE | |||
r-devel-macos-arm64 | 0.10.0 | 87.00 | OK | |||
r-devel-macos-x86_64 | 0.10.0 | 166.00 | NOTE | |||
r-devel-windows-x86_64 | 0.10.0 | 10.00 | 177.00 | 187.00 | NOTE | |
r-patched-linux-x86_64 | 0.10.0 | 8.71 | 205.62 | 214.33 | OK | |
r-release-linux-x86_64 | 0.10.0 | 7.65 | 204.55 | 212.20 | OK | |
r-release-macos-arm64 | 0.10.0 | 91.00 | OK | |||
r-release-macos-x86_64 | 0.10.0 | 165.00 | OK | |||
r-release-windows-x86_64 | 0.10.0 | 10.00 | 181.00 | 191.00 | OK | |
r-oldrel-macos-arm64 | 0.10.0 | 84.00 | OK | |||
r-oldrel-macos-x86_64 | 0.10.0 | 155.00 | OK | |||
r-oldrel-windows-x86_64 | 0.10.0 | 12.00 | 214.00 | 226.00 | OK |
Version: 0.10.0
Check: DESCRIPTION meta-information
Result: NOTE
Missing dependency on R >= 4.1.0 because package code uses the pipe
|> or function shorthand \(...) syntax added in R 4.1.0.
File(s) using such syntax:
‘basis.R’
Flavors: r-devel-linux-x86_64-debian-clang, r-devel-linux-x86_64-debian-gcc, r-devel-linux-x86_64-fedora-clang, r-devel-linux-x86_64-fedora-gcc, r-devel-macos-x86_64, r-devel-windows-x86_64
These binaries (installable software) and packages are in development.
They may not be fully stable and should be used with caution. We make no claims about them.