Last updated on 2024-07-27 15:50:13 CEST.
Flavor | Version | Tinstall | Tcheck | Ttotal | Status | Flags |
---|---|---|---|---|---|---|
r-devel-linux-x86_64-debian-clang | 0.9.3 | 8.59 | 286.32 | 294.91 | OK | |
r-devel-linux-x86_64-debian-gcc | 0.9.3 | NOTE | ||||
r-devel-linux-x86_64-fedora-clang | 0.9.3 | 361.70 | OK | |||
r-devel-linux-x86_64-fedora-gcc | 0.9.3 | 347.66 | OK | |||
r-devel-windows-x86_64 | 0.9.3 | 10.00 | 181.00 | 191.00 | NOTE | |
r-patched-linux-x86_64 | 0.9.3 | OK | ||||
r-release-linux-x86_64 | 0.9.3 | 8.53 | 275.74 | 284.27 | OK | |
r-release-macos-arm64 | 0.9.3 | 86.00 | OK | |||
r-release-macos-x86_64 | 0.9.3 | 149.00 | OK | |||
r-release-windows-x86_64 | 0.9.3 | 9.00 | 183.00 | 192.00 | OK | |
r-oldrel-macos-arm64 | 0.9.3 | 98.00 | OK | |||
r-oldrel-macos-x86_64 | 0.9.3 | 194.00 | OK | |||
r-oldrel-windows-x86_64 | 0.9.3 | 12.00 | 218.00 | 230.00 | OK |
Version: 0.9.3
Check: Rd cross-references
Result: NOTE
Found the following Rd file(s) with Rd \link{} targets missing package
anchors:
nested_data_plot.Rd: ggplot2
Please provide package anchors for all Rd \link{} targets not in the
package itself and the base packages.
Flavors: r-devel-linux-x86_64-debian-gcc, r-devel-windows-x86_64
These binaries (installable software) and packages are in development.
They may not be fully stable and should be used with caution. We make no claims about them.