Last updated on 2025-10-23 11:50:09 CEST.
Flavor | Version | Tinstall | Tcheck | Ttotal | Status | Flags |
---|---|---|---|---|---|---|
r-devel-linux-x86_64-debian-clang | 0.4.0 | 52.85 | 143.38 | 196.23 | NOTE | |
r-devel-linux-x86_64-debian-gcc | 0.4.0 | 41.18 | 101.78 | 142.96 | OK | |
r-devel-linux-x86_64-fedora-clang | 0.4.0 | 76.00 | 181.70 | 257.70 | OK | |
r-devel-linux-x86_64-fedora-gcc | 0.4.0 | 128.00 | 224.90 | 352.90 | OK | |
r-devel-windows-x86_64 | 0.4.0 | 67.00 | 237.00 | 304.00 | OK | |
r-patched-linux-x86_64 | 0.4.0 | 56.62 | 135.82 | 192.44 | OK | |
r-release-linux-x86_64 | 0.4.0 | 53.44 | 135.90 | 189.34 | OK | |
r-release-macos-arm64 | 0.4.0 | 30.00 | 85.00 | 115.00 | OK | |
r-release-macos-x86_64 | 0.4.0 | 29.00 | 135.00 | 164.00 | OK | |
r-release-windows-x86_64 | 0.4.0 | 73.00 | 229.00 | 302.00 | OK | |
r-oldrel-macos-arm64 | 0.4.0 | 28.00 | 74.00 | 102.00 | NOTE | |
r-oldrel-macos-x86_64 | 0.4.0 | 26.00 | 104.00 | 130.00 | NOTE | |
r-oldrel-windows-x86_64 | 0.4.0 | 80.00 | 266.00 | 346.00 | OK |
Version: 0.4.0
Check: HTML version of manual
Result: NOTE
Found the following HTML validation problems:
fff_shear.html:63:1 (fff_shear.Rd:16): Warning: missing </ul> before </div>
Flavor: r-devel-linux-x86_64-debian-clang
Version: 0.4.0
Check: installed package size
Result: NOTE
installed size is 10.1Mb
sub-directories of 1Mb or more:
libs 9.2Mb
Flavors: r-oldrel-macos-arm64, r-oldrel-macos-x86_64
These binaries (installable software) and packages are in development.
They may not be fully stable and should be used with caution. We make no claims about them.