Last updated on 2025-02-16 10:50:43 CET.
Flavor | Version | Tinstall | Tcheck | Ttotal | Status | Flags |
---|---|---|---|---|---|---|
r-devel-linux-x86_64-debian-clang | 0.1-2 | 2.30 | 27.87 | 30.17 | OK | |
r-devel-linux-x86_64-debian-gcc | 0.1-2 | 1.82 | 22.06 | 23.88 | OK | |
r-devel-linux-x86_64-fedora-clang | 0.1-2 | 52.86 | OK | |||
r-devel-linux-x86_64-fedora-gcc | 0.1-2 | 61.01 | OK | |||
r-devel-macos-arm64 | 0.1-2 | 26.00 | OK | |||
r-devel-macos-x86_64 | 0.1-2 | 44.00 | OK | |||
r-devel-windows-x86_64 | 0.1-2 | 3.00 | 49.00 | 52.00 | OK | |
r-patched-linux-x86_64 | 0.1-2 | 2.26 | 26.19 | 28.45 | NOTE | |
r-release-linux-x86_64 | 0.1-2 | 2.03 | 26.19 | 28.22 | NOTE | |
r-release-macos-arm64 | 0.1-2 | 24.00 | NOTE | |||
r-release-macos-x86_64 | 0.1-2 | 36.00 | NOTE | |||
r-release-windows-x86_64 | 0.1-2 | 4.00 | 49.00 | 53.00 | NOTE | |
r-oldrel-macos-arm64 | 0.1-2 | 28.00 | NOTE | |||
r-oldrel-macos-x86_64 | 0.1-2 | 37.00 | NOTE | |||
r-oldrel-windows-x86_64 | 0.1-2 | 4.00 | 51.00 | 55.00 | NOTE |
Version: 0.1-2
Check: package dependencies
Result: NOTE
Package suggested but not available for checking: ‘tobit1’
Flavors: r-patched-linux-x86_64, r-release-linux-x86_64, r-release-macos-arm64, r-release-macos-x86_64, r-release-windows-x86_64, r-oldrel-macos-arm64, r-oldrel-macos-x86_64, r-oldrel-windows-x86_64
These binaries (installable software) and packages are in development.
They may not be fully stable and should be used with caution. We make no claims about them.