Last updated on 2025-02-16 10:50:43 CET.
Flavor | Version | Tinstall | Tcheck | Ttotal | Status | Flags |
---|---|---|---|---|---|---|
r-devel-linux-x86_64-debian-clang | 1.0-7 | 2.12 | 56.50 | 58.62 | OK | |
r-devel-linux-x86_64-debian-gcc | 1.0-7 | 1.61 | 38.72 | 40.33 | OK | |
r-devel-linux-x86_64-fedora-clang | 1.0-7 | 105.08 | OK | |||
r-devel-linux-x86_64-fedora-gcc | 1.0-7 | 105.55 | OK | |||
r-devel-macos-arm64 | 1.0-7 | 34.00 | OK | |||
r-devel-macos-x86_64 | 1.0-7 | 79.00 | OK | |||
r-devel-windows-x86_64 | 1.0-7 | 3.00 | 90.00 | 93.00 | OK | |
r-patched-linux-x86_64 | 1.0-7 | 2.04 | 55.38 | 57.42 | OK | |
r-release-linux-x86_64 | 1.0-7 | 1.98 | 53.19 | 55.17 | OK | |
r-release-macos-arm64 | 1.0-7 | 36.00 | OK | |||
r-release-macos-x86_64 | 1.0-7 | 77.00 | OK | |||
r-release-windows-x86_64 | 1.0-7 | 3.00 | 91.00 | 94.00 | OK | |
r-oldrel-macos-arm64 | 1.0-7 | 43.00 | OK | |||
r-oldrel-macos-x86_64 | 1.0-7 | 68.00 | NOTE | |||
r-oldrel-windows-x86_64 | 1.0-7 | 5.00 | 98.00 | 103.00 | OK |
Version: 1.0-7
Check: re-building of vignette outputs
Result: NOTE
Error(s) in re-building vignettes:
--- re-building ‘cmvnorm.Rnw’ using Sweave
Attaching package: ‘cmvnorm’
The following objects are masked from ‘package:stats’:
sd, var
Attaching package: ‘elliptic’
The following objects are masked from ‘package:cmvnorm’:
Im<-, Re<-, sd
The following objects are masked from ‘package:stats’:
sd, sigma
The following object is masked from ‘package:base’:
is.primitive
Error: processing vignette 'cmvnorm.Rnw' failed with diagnostics:
Running 'texi2dvi' on 'cmvnorm.tex' failed.
LaTeX errors:
! LaTeX Error: File `dsfont.sty' not found.
Type X to quit or <RETURN> to proceed,
or enter new name. (Default extension: sty)
! Emergency stop.
<read *>
l.4 \usepackage
{bbm}^^M
! ==> Fatal error occurred, no output PDF file produced!
--- failed re-building ‘cmvnorm.Rnw’
SUMMARY: processing the following file failed:
‘cmvnorm.Rnw’
Error: Vignette re-building failed.
Execution halted
Flavor: r-oldrel-macos-x86_64
These binaries (installable software) and packages are in development.
They may not be fully stable and should be used with caution. We make no claims about them.