Last updated on 2025-07-22 07:49:36 CEST.
Flavor | Version | Tinstall | Tcheck | Ttotal | Status | Flags |
---|---|---|---|---|---|---|
r-devel-linux-x86_64-debian-clang | 4.0.3 | 62.43 | 162.11 | 224.54 | OK | |
r-devel-linux-x86_64-debian-gcc | 4.0.3 | 51.82 | 105.74 | 157.56 | OK | |
r-devel-linux-x86_64-fedora-clang | 4.0.3 | 377.88 | OK | |||
r-devel-linux-x86_64-fedora-gcc | 4.0.3 | 393.29 | OK | |||
r-devel-windows-x86_64 | 4.0.3 | 76.00 | 200.00 | 276.00 | OK | |
r-patched-linux-x86_64 | 4.0.3 | 70.00 | 149.32 | 219.32 | OK | |
r-release-linux-x86_64 | 4.0.3 | 66.42 | 147.12 | 213.54 | OK | |
r-release-macos-arm64 | 4.0.3 | 85.00 | OK | |||
r-release-macos-x86_64 | 4.0.3 | 147.00 | OK | |||
r-release-windows-x86_64 | 4.0.3 | 80.00 | 200.00 | 280.00 | OK | |
r-oldrel-macos-arm64 | 4.0.3 | 103.00 | NOTE | |||
r-oldrel-macos-x86_64 | 4.0.3 | 154.00 | NOTE | |||
r-oldrel-windows-x86_64 | 4.0.3 | 93.00 | 247.00 | 340.00 | OK |
Version: 4.0.3
Check: installed package size
Result: NOTE
installed size is 6.0Mb
sub-directories of 1Mb or more:
libs 4.6Mb
Flavors: r-oldrel-macos-arm64, r-oldrel-macos-x86_64
These binaries (installable software) and packages are in development.
They may not be fully stable and should be used with caution. We make no claims about them.