CRAN Package Check Results for Package cnbdistr

Last updated on 2025-02-19 16:50:44 CET.

Flavor Version Tinstall Tcheck Ttotal Status Flags
r-devel-linux-x86_64-debian-clang 1.0.1 1.68 44.16 45.84 OK
r-devel-linux-x86_64-debian-gcc 1.0.1 1.57 29.51 31.08 OK
r-devel-linux-x86_64-fedora-clang 1.0.1 76.75 OK
r-devel-linux-x86_64-fedora-gcc 1.0.1 86.94 OK
r-devel-macos-arm64 1.0.1 29.00 OK
r-devel-macos-x86_64 1.0.1 77.00 OK
r-devel-windows-x86_64 1.0.1 3.00 68.00 71.00 OK
r-patched-linux-x86_64 1.0.1 2.10 41.16 43.26 NOTE
r-release-linux-x86_64 1.0.1 1.99 41.02 43.01 NOTE
r-release-macos-arm64 1.0.1 28.00 NOTE
r-release-macos-x86_64 1.0.1 45.00 NOTE
r-release-windows-x86_64 1.0.1 3.00 58.00 61.00 NOTE
r-oldrel-macos-arm64 1.0.1 33.00 NOTE
r-oldrel-macos-x86_64 1.0.1 44.00 NOTE
r-oldrel-windows-x86_64 1.0.1 4.00 79.00 83.00 NOTE

Check Details

Version: 1.0.1
Check: LazyData
Result: NOTE 'LazyData' is specified without a 'data' directory Flavors: r-patched-linux-x86_64, r-release-linux-x86_64, r-release-macos-arm64, r-release-macos-x86_64, r-release-windows-x86_64, r-oldrel-macos-arm64, r-oldrel-macos-x86_64, r-oldrel-windows-x86_64

These binaries (installable software) and packages are in development.
They may not be fully stable and should be used with caution. We make no claims about them.