CRAN Package Check Results for Package cncaGUI

Last updated on 2025-02-19 16:50:44 CET.

Flavor Version Tinstall Tcheck Ttotal Status Flags
r-devel-linux-x86_64-debian-clang 1.1 12.01 55.32 67.33 OK
r-devel-linux-x86_64-debian-gcc 1.1 9.23 45.99 55.22 OK
r-devel-linux-x86_64-fedora-clang 1.1 117.07 OK
r-devel-linux-x86_64-fedora-gcc 1.1 113.55 OK
r-devel-macos-arm64 1.1 55.00 OK
r-devel-macos-x86_64 1.1 161.00 OK
r-devel-windows-x86_64 1.1 10.00 67.00 77.00 OK
r-patched-linux-x86_64 1.1 9.97 54.68 64.65 OK
r-release-linux-x86_64 1.1 10.90 53.08 63.98 OK
r-release-macos-arm64 1.1 52.00 OK
r-release-macos-x86_64 1.1 60.00 OK
r-release-windows-x86_64 1.1 10.00 3.00 13.00 FAIL
r-oldrel-macos-arm64 1.1 34.00 OK
r-oldrel-macos-x86_64 1.1 52.00 OK
r-oldrel-windows-x86_64 1.1 13.00 74.00 87.00 OK

Check Details

Version: 1.1
Check: package dependencies
Result: FAIL
Flavor: r-release-windows-x86_64

These binaries (installable software) and packages are in development.
They may not be fully stable and should be used with caution. We make no claims about them.