Last updated on 2025-07-27 05:48:27 CEST.
Flavor | Version | Tinstall | Tcheck | Ttotal | Status | Flags |
---|---|---|---|---|---|---|
r-devel-linux-x86_64-debian-clang | 0.7.2 | 113.66 | 102.89 | 216.55 | OK | |
r-devel-linux-x86_64-debian-gcc | 0.7.2 | 80.89 | 76.69 | 157.58 | OK | |
r-devel-linux-x86_64-fedora-clang | 0.7.2 | 398.66 | OK | |||
r-devel-linux-x86_64-fedora-gcc | 0.7.2 | 387.28 | OK | |||
r-devel-windows-x86_64 | 0.7.2 | 132.00 | 143.00 | 275.00 | OK | |
r-patched-linux-x86_64 | 0.7.2 | 117.31 | 96.63 | 213.94 | OK | |
r-release-linux-x86_64 | 0.7.2 | 125.41 | 97.05 | 222.46 | OK | |
r-release-macos-arm64 | 0.7.2 | 106.00 | OK | |||
r-release-macos-x86_64 | 0.7.2 | 165.00 | OK | |||
r-release-windows-x86_64 | 0.7.2 | 128.00 | 141.00 | 269.00 | OK | |
r-oldrel-macos-arm64 | 0.7.2 | 104.00 | NOTE | |||
r-oldrel-macos-x86_64 | 0.7.2 | 124.00 | NOTE | |||
r-oldrel-windows-x86_64 | 0.7.2 | 157.00 | 172.00 | 329.00 | NOTE |
Version: 0.7.2
Check: package dependencies
Result: NOTE
Package suggested but not available for checking: ‘PopGenome’
Flavors: r-oldrel-macos-arm64, r-oldrel-macos-x86_64, r-oldrel-windows-x86_64
Version: 0.7.2
Check: installed package size
Result: NOTE
installed size is 6.3Mb
sub-directories of 1Mb or more:
R 2.0Mb
libs 3.6Mb
Flavors: r-oldrel-macos-arm64, r-oldrel-macos-x86_64
These binaries (installable software) and packages are in development.
They may not be fully stable and should be used with caution. We make no claims about them.