CRAN Package Check Results for Package coat

Last updated on 2025-05-08 04:52:01 CEST.

Flavor Version Tinstall Tcheck Ttotal Status Flags
r-devel-linux-x86_64-debian-clang 0.2.0 10.21 88.94 99.15 OK
r-devel-linux-x86_64-debian-gcc 0.2.0 7.39 64.50 71.89 OK
r-devel-linux-x86_64-fedora-clang 0.2.0 169.46 OK
r-devel-linux-x86_64-fedora-gcc 0.2.0 153.07 OK
r-devel-windows-x86_64 0.2.0 10.00 94.00 104.00 OK
r-patched-linux-x86_64 0.2.0 10.65 84.74 95.39 OK
r-release-linux-x86_64 0.2.0 9.54 83.97 93.51 OK
r-release-macos-arm64 0.2.0 43.00 OK
r-release-macos-x86_64 0.2.0 81.00 OK
r-release-windows-x86_64 0.2.0 13.00 93.00 106.00 OK
r-oldrel-macos-arm64 0.2.0 41.00 NOTE
r-oldrel-macos-x86_64 0.2.0 67.00 NOTE
r-oldrel-windows-x86_64 0.2.0 15.00 117.00 132.00 NOTE

Check Details

Version: 0.2.0
Check: package dependencies
Result: NOTE Package suggested but not available for checking: ‘disttree’ Flavors: r-oldrel-macos-arm64, r-oldrel-macos-x86_64, r-oldrel-windows-x86_64

These binaries (installable software) and packages are in development.
They may not be fully stable and should be used with caution. We make no claims about them.