Last updated on 2024-07-27 15:50:13 CEST.
Flavor | Version | Tinstall | Tcheck | Ttotal | Status | Flags |
---|---|---|---|---|---|---|
r-devel-linux-x86_64-debian-clang | 0.2.0 | 9.37 | 106.44 | 115.81 | NOTE | |
r-devel-linux-x86_64-debian-gcc | 0.2.0 | NOTE | ||||
r-devel-linux-x86_64-fedora-clang | 0.2.0 | 156.69 | NOTE | |||
r-devel-linux-x86_64-fedora-gcc | 0.2.0 | 138.92 | NOTE | |||
r-devel-windows-x86_64 | 0.2.0 | 11.00 | 87.00 | 98.00 | NOTE | |
r-patched-linux-x86_64 | 0.2.0 | NOTE | ||||
r-release-linux-x86_64 | 0.2.0 | 7.75 | 101.26 | 109.01 | NOTE | |
r-release-macos-arm64 | 0.2.0 | 41.00 | NOTE | |||
r-release-macos-x86_64 | 0.2.0 | 67.00 | NOTE | |||
r-release-windows-x86_64 | 0.2.0 | 10.00 | 89.00 | 99.00 | NOTE | |
r-oldrel-macos-arm64 | 0.2.0 | 47.00 | NOTE | |||
r-oldrel-macos-x86_64 | 0.2.0 | 75.00 | NOTE | |||
r-oldrel-windows-x86_64 | 0.2.0 | 14.00 | 110.00 | 124.00 | NOTE |
Version: 0.2.0
Check: package dependencies
Result: NOTE
Package suggested but not available for checking: ‘disttree’
Flavors: r-devel-linux-x86_64-debian-clang, r-devel-linux-x86_64-debian-gcc, r-devel-linux-x86_64-fedora-clang, r-devel-linux-x86_64-fedora-gcc, r-devel-windows-x86_64, r-patched-linux-x86_64, r-release-linux-x86_64, r-release-macos-arm64, r-release-macos-x86_64, r-release-windows-x86_64, r-oldrel-macos-arm64, r-oldrel-macos-x86_64, r-oldrel-windows-x86_64
These binaries (installable software) and packages are in development.
They may not be fully stable and should be used with caution. We make no claims about them.