CRAN Package Check Results for Package coat

Last updated on 2025-10-09 23:51:10 CEST.

Flavor Version Tinstall Tcheck Ttotal Status Flags
r-devel-linux-x86_64-debian-clang 0.2.2 5.72 54.68 60.40 OK
r-devel-linux-x86_64-debian-gcc 0.2.2 4.91 41.93 46.84 OK
r-devel-linux-x86_64-fedora-clang 0.2.2 71.65 OK
r-devel-linux-x86_64-fedora-gcc 0.2.2 90.08 OK
r-devel-windows-x86_64 0.2.2 8.00 66.00 74.00 OK
r-patched-linux-x86_64 0.2.2 6.60 52.20 58.80 OK
r-release-linux-x86_64 0.2.2 5.77 52.13 57.90 OK
r-release-macos-arm64 0.2.2 30.00 OK
r-release-macos-x86_64 0.2.2 90.00 OK
r-release-windows-x86_64 0.2.2 7.00 67.00 74.00 OK
r-oldrel-macos-arm64 0.2.2 36.00 NOTE
r-oldrel-macos-x86_64 0.2.2 76.00 NOTE
r-oldrel-windows-x86_64 0.2.2 10.00 77.00 87.00 NOTE

Check Details

Version: 0.2.2
Check: package dependencies
Result: NOTE Package suggested but not available for checking: ‘disttree’ Flavors: r-oldrel-macos-arm64, r-oldrel-macos-x86_64, r-oldrel-windows-x86_64

These binaries (installable software) and packages are in development.
They may not be fully stable and should be used with caution. We make no claims about them.