Last updated on 2025-02-18 22:51:41 CET.
Flavor | Version | Tinstall | Tcheck | Ttotal | Status | Flags |
---|---|---|---|---|---|---|
r-devel-linux-x86_64-debian-clang | 1.3-9 | 10.42 | 123.23 | 133.65 | OK | |
r-devel-linux-x86_64-debian-gcc | 1.3-9 | 7.73 | 86.62 | 94.35 | OK | |
r-devel-linux-x86_64-fedora-clang | 1.3-9 | 225.18 | OK | |||
r-devel-linux-x86_64-fedora-gcc | 1.3-9 | 208.07 | OK | |||
r-devel-macos-arm64 | 1.3-9 | 77.00 | NOTE | |||
r-devel-macos-x86_64 | 1.3-9 | 163.00 | OK | |||
r-devel-windows-x86_64 | 1.3-9 | 14.00 | 133.00 | 147.00 | OK | |
r-patched-linux-x86_64 | 1.3-9 | 10.23 | 114.67 | 124.90 | OK | |
r-release-linux-x86_64 | 1.3-9 | 10.20 | 113.40 | 123.60 | OK | |
r-release-macos-arm64 | 1.3-9 | 65.00 | OK | |||
r-release-macos-x86_64 | 1.3-9 | 180.00 | OK | |||
r-release-windows-x86_64 | 1.3-9 | 14.00 | 3.00 | 17.00 | FAIL | |
r-oldrel-macos-arm64 | 1.3-9 | 62.00 | OK | |||
r-oldrel-macos-x86_64 | 1.3-9 | 164.00 | OK | |||
r-oldrel-windows-x86_64 | 1.3-9 | 18.00 | 183.00 | 201.00 | OK |
Version: 1.3-9
Check: tests
Result: NOTE
Running ‘0_pt-ex.R’ [1s/2s]
Running ‘ex1.R’ [3s/4s]
Running ‘ex2-long.R’ [3s/4s]
Running ‘ex3.R’ [1s/1s]
Comparing ‘ex3.Rout’ to ‘ex3.Rout.save’ ... OK
Running ‘multi-constr.R’ [2s/2s]
Comparing ‘multi-constr.Rout’ to ‘multi-constr.Rout.save’ ...175a176,178
> 5: In rq.fit.sfn(Xeq, Yeq, tau = tau, rhs = rhs, control = rqCtrl) :
> tiny diagonals replaced with Inf when calling blkfct
>
219a223,229
> Warning messages:
> 1: In rq.fit.sfn(Xeq, Yeq, tau = tau, rhs = rhs, control = rqCtrl) :
> tiny diagonals replaced with Inf when calling blkfct
>
> 2: In rq.fit.sfn(Xeq, Yeq, tau = tau, rhs = rhs, control = rqCtrl) :
> tiny diagonals replaced with Inf when calling blkfct
>
Running ‘roof.R’ [1s/2s]
Comparing ‘roof.Rout’ to ‘roof.Rout.save’ ... OK
Running ‘small-ex.R’ [1s/1s]
Comparing ‘small-ex.Rout’ to ‘small-ex.Rout.save’ ... OK
Running ‘spline-ex.R’ [1s/1s]
Comparing ‘spline-ex.Rout’ to ‘spline-ex.Rout.save’ ... OK
Running ‘temp.R’ [1s/2s]
Comparing ‘temp.Rout’ to ‘temp.Rout.save’ ... OK
Running ‘wind.R’ [4s/6s]
Flavor: r-devel-macos-arm64
Version: 1.3-9
Check: package dependencies
Result: FAIL
Flavor: r-release-windows-x86_64
These binaries (installable software) and packages are in development.
They may not be fully stable and should be used with caution. We make no claims about them.