CRAN Package Check Results for Package coca

Last updated on 2025-02-16 10:50:43 CET.

Flavor Version Tinstall Tcheck Ttotal Status Flags
r-devel-linux-x86_64-debian-clang 1.1.0 2.77 78.06 80.83 OK
r-devel-linux-x86_64-debian-gcc 1.1.0 1.42 52.84 54.26 OK
r-devel-linux-x86_64-fedora-clang 1.1.0 134.09 NOTE
r-devel-linux-x86_64-fedora-gcc 1.1.0 138.45 NOTE
r-devel-macos-arm64 1.1.0 51.00 OK
r-devel-macos-x86_64 1.1.0 111.00 OK
r-devel-windows-x86_64 1.1.0 4.00 100.00 104.00 OK
r-patched-linux-x86_64 1.1.0 2.80 87.19 89.99 NOTE
r-release-linux-x86_64 1.1.0 2.69 86.88 89.57 NOTE
r-release-macos-arm64 1.1.0 54.00 NOTE
r-release-macos-x86_64 1.1.0 80.00 NOTE
r-release-windows-x86_64 1.1.0 4.00 116.00 120.00 NOTE
r-oldrel-macos-arm64 1.1.0 58.00 NOTE
r-oldrel-macos-x86_64 1.1.0 94.00 NOTE
r-oldrel-windows-x86_64 1.1.0 6.00 139.00 145.00 NOTE

Check Details

Version: 1.1.0
Check: dependencies in R code
Result: NOTE Namespaces in Imports field not imported from: ‘Matrix’ ‘nnet’ All declared Imports should be used. Flavors: r-devel-linux-x86_64-fedora-clang, r-devel-linux-x86_64-fedora-gcc

Version: 1.1.0
Check: LazyData
Result: NOTE 'LazyData' is specified without a 'data' directory Flavors: r-patched-linux-x86_64, r-release-linux-x86_64, r-release-macos-arm64, r-release-macos-x86_64, r-release-windows-x86_64, r-oldrel-macos-arm64, r-oldrel-macos-x86_64, r-oldrel-windows-x86_64

These binaries (installable software) and packages are in development.
They may not be fully stable and should be used with caution. We make no claims about them.