CRAN Package Check Results for Package cocons

Last updated on 2025-05-08 04:52:01 CEST.

Flavor Version Tinstall Tcheck Ttotal Status Flags
r-devel-linux-x86_64-debian-clang 0.1.4 28.45 43.94 72.39 OK
r-devel-linux-x86_64-debian-gcc 0.1.4 19.76 32.95 52.71 OK
r-devel-linux-x86_64-fedora-clang 0.1.4 128.00 NOTE
r-devel-linux-x86_64-fedora-gcc 0.1.4 145.87 NOTE
r-devel-windows-x86_64 0.1.4 35.00 92.00 127.00 OK
r-patched-linux-x86_64 0.1.4 31.74 42.55 74.29 OK
r-release-linux-x86_64 0.1.4 29.17 42.61 71.78 OK
r-release-macos-arm64 0.1.4 45.00 OK
r-release-macos-x86_64 0.1.4 68.00 OK
r-release-windows-x86_64 0.1.4 34.00 92.00 126.00 OK
r-oldrel-macos-arm64 0.1.4 43.00 OK
r-oldrel-macos-x86_64 0.1.4 97.00 OK
r-oldrel-windows-x86_64 0.1.4 40.00 101.00 141.00 OK

Check Details

Version: 0.1.4
Check: dependencies in R code
Result: NOTE Namespaces in Imports field not imported from: ‘fields’ ‘knitr’ All declared Imports should be used. Flavors: r-devel-linux-x86_64-fedora-clang, r-devel-linux-x86_64-fedora-gcc

These binaries (installable software) and packages are in development.
They may not be fully stable and should be used with caution. We make no claims about them.