CRAN Package Check Results for Package cocons

Last updated on 2025-11-11 15:50:30 CET.

Flavor Version Tinstall Tcheck Ttotal Status Flags
r-devel-linux-x86_64-debian-clang 0.1.4 28.04 47.70 75.74 OK
r-devel-linux-x86_64-debian-gcc 0.1.4 19.05 35.65 54.70 OK
r-devel-linux-x86_64-fedora-clang 0.1.4 51.00 73.88 124.88 NOTE
r-devel-linux-x86_64-fedora-gcc 0.1.4 77.00 60.96 137.96 NOTE
r-devel-windows-x86_64 0.1.4 35.00 86.00 121.00 OK
r-patched-linux-x86_64 0.1.4 29.76 45.71 75.47 OK
r-release-linux-x86_64 0.1.4 28.10 45.68 73.78 OK
r-release-macos-arm64 0.1.4 12.00 33.00 45.00 OK
r-release-macos-x86_64 0.1.4 15.00 53.00 68.00 OK
r-release-windows-x86_64 0.1.4 33.00 86.00 119.00 OK
r-oldrel-macos-arm64 0.1.4 9.00 34.00 43.00 OK
r-oldrel-macos-x86_64 0.1.4 34.00 63.00 97.00 OK
r-oldrel-windows-x86_64 0.1.4 42.00 104.00 146.00 OK

Check Details

Version: 0.1.4
Check: dependencies in R code
Result: NOTE Namespaces in Imports field not imported from: ‘fields’ ‘knitr’ All declared Imports should be used. Flavors: r-devel-linux-x86_64-fedora-clang, r-devel-linux-x86_64-fedora-gcc

These binaries (installable software) and packages are in development.
They may not be fully stable and should be used with caution. We make no claims about them.