Last updated on 2025-07-02 03:50:38 CEST.
Flavor | Version | Tinstall | Tcheck | Ttotal | Status | Flags |
---|---|---|---|---|---|---|
r-devel-linux-x86_64-debian-clang | 0.1.4 | 29.61 | 44.44 | 74.05 | OK | |
r-devel-linux-x86_64-debian-gcc | 0.1.4 | 20.89 | 34.81 | 55.70 | OK | |
r-devel-linux-x86_64-fedora-clang | 0.1.4 | 125.45 | NOTE | |||
r-devel-linux-x86_64-fedora-gcc | 0.1.4 | 135.10 | NOTE | |||
r-devel-windows-x86_64 | 0.1.4 | 35.00 | 93.00 | 128.00 | OK | |
r-patched-linux-x86_64 | OK | |||||
r-release-linux-x86_64 | 0.1.4 | 30.97 | 42.58 | 73.55 | OK | |
r-release-macos-arm64 | 0.1.4 | 45.00 | OK | |||
r-release-macos-x86_64 | 0.1.4 | 68.00 | OK | |||
r-release-windows-x86_64 | 0.1.4 | 35.00 | 89.00 | 124.00 | OK | |
r-oldrel-macos-arm64 | 0.1.4 | 43.00 | OK | |||
r-oldrel-macos-x86_64 | 0.1.4 | 97.00 | OK | |||
r-oldrel-windows-x86_64 | 0.1.4 | 40.00 | 103.00 | 143.00 | OK |
Version: 0.1.4
Check: dependencies in R code
Result: NOTE
Namespaces in Imports field not imported from:
‘fields’ ‘knitr’
All declared Imports should be used.
Flavors: r-devel-linux-x86_64-fedora-clang, r-devel-linux-x86_64-fedora-gcc
These binaries (installable software) and packages are in development.
They may not be fully stable and should be used with caution. We make no claims about them.