CRAN Package Check Results for Package cocor

Last updated on 2025-07-24 03:49:55 CEST.

Flavor Version Tinstall Tcheck Ttotal Status Flags
r-devel-linux-x86_64-debian-clang 1.1-4 3.55 32.61 36.16 OK
r-devel-linux-x86_64-debian-gcc 1.1-4 2.61 25.66 28.27 OK
r-devel-linux-x86_64-fedora-clang 1.1-4 56.39 OK
r-devel-linux-x86_64-fedora-gcc 1.1-4 54.88 OK
r-devel-windows-x86_64 1.1-4 6.00 52.00 58.00 OK
r-patched-linux-x86_64 1.1-4 4.18 30.58 34.76 OK
r-release-linux-x86_64 1.1-4 3.40 30.71 34.11 OK
r-release-macos-arm64 1.1-4 26.00 OK
r-release-macos-x86_64 1.1-4 39.00 OK
r-release-windows-x86_64 1.1-4 4.00 54.00 58.00 OK
r-oldrel-macos-arm64 1.1-4 28.00 NOTE
r-oldrel-macos-x86_64 1.1-4 30.00 NOTE
r-oldrel-windows-x86_64 1.1-4 7.00 58.00 65.00 NOTE

Check Details

Version: 1.1-4
Check: package dependencies
Result: NOTE Package which this enhances but not available for checking: ‘rkward’ Flavors: r-oldrel-macos-arm64, r-oldrel-macos-x86_64, r-oldrel-windows-x86_64

These binaries (installable software) and packages are in development.
They may not be fully stable and should be used with caution. We make no claims about them.