CRAN Package Check Results for Package cocron

Last updated on 2025-02-16 10:50:43 CET.

Flavor Version Tinstall Tcheck Ttotal Status Flags
r-devel-linux-x86_64-debian-clang 1.0-1 2.72 23.65 26.37 OK
r-devel-linux-x86_64-debian-gcc 1.0-1 2.13 18.52 20.65 OK
r-devel-linux-x86_64-fedora-clang 1.0-1 44.76 OK
r-devel-linux-x86_64-fedora-gcc 1.0-1 41.32 OK
r-devel-macos-arm64 1.0-1 18.00 OK
r-devel-macos-x86_64 1.0-1 44.00 OK
r-devel-windows-x86_64 1.0-1 3.00 47.00 50.00 OK
r-patched-linux-x86_64 1.0-1 2.58 22.67 25.25 NOTE
r-release-linux-x86_64 1.0-1 2.74 22.48 25.22 NOTE
r-release-macos-arm64 1.0-1 20.00 NOTE
r-release-macos-x86_64 1.0-1 25.00 NOTE
r-release-windows-x86_64 1.0-1 3.00 49.00 52.00 NOTE
r-oldrel-macos-arm64 1.0-1 17.00 NOTE
r-oldrel-macos-x86_64 1.0-1 23.00 NOTE
r-oldrel-windows-x86_64 1.0-1 4.00 64.00 68.00 NOTE

Check Details

Version: 1.0-1
Check: package dependencies
Result: NOTE Package which this enhances but not available for checking: ‘rkward’ Flavors: r-patched-linux-x86_64, r-release-linux-x86_64, r-release-macos-arm64, r-release-macos-x86_64, r-release-windows-x86_64, r-oldrel-macos-arm64, r-oldrel-macos-x86_64, r-oldrel-windows-x86_64

These binaries (installable software) and packages are in development.
They may not be fully stable and should be used with caution. We make no claims about them.