CRAN Package Check Results for Package coda.base

Last updated on 2025-11-13 03:50:57 CET.

Flavor Version Tinstall Tcheck Ttotal Status Flags
r-devel-linux-x86_64-debian-clang 1.0.3 50.74 53.77 104.51 OK
r-devel-linux-x86_64-debian-gcc 1.0.3 33.16 41.31 74.47 OK
r-devel-linux-x86_64-fedora-clang 1.0.3 88.00 102.91 190.91 OK
r-devel-linux-x86_64-fedora-gcc 1.0.3 123.00 71.42 194.42 OK
r-devel-windows-x86_64 1.0.3 63.00 91.00 154.00 OK
r-patched-linux-x86_64 1.0.3 54.48 49.73 104.21 OK
r-release-linux-x86_64 1.0.3 53.63 49.77 103.40 OK
r-release-macos-arm64 1.0.3 20.00 35.00 55.00 OK
r-release-macos-x86_64 1.0.3 28.00 100.00 128.00 OK
r-release-windows-x86_64 1.0.3 61.00 91.00 152.00 OK
r-oldrel-macos-arm64 1.0.3 17.00 43.00 60.00 NOTE
r-oldrel-macos-x86_64 1.0.3 20.00 107.00 127.00 NOTE
r-oldrel-windows-x86_64 1.0.3 73.00 109.00 182.00 OK

Check Details

Version: 1.0.3
Check: installed package size
Result: NOTE installed size is 5.2Mb sub-directories of 1Mb or more: libs 4.7Mb Flavors: r-oldrel-macos-arm64, r-oldrel-macos-x86_64

These binaries (installable software) and packages are in development.
They may not be fully stable and should be used with caution. We make no claims about them.