CRAN Package Check Results for Package coda.base

Last updated on 2025-10-23 21:51:23 CEST.

Flavor Version Tinstall Tcheck Ttotal Status Flags
r-devel-linux-x86_64-debian-clang 1.0.3 51.50 56.82 108.32 NOTE
r-devel-linux-x86_64-debian-gcc 1.0.3 35.21 45.08 80.29 OK
r-devel-linux-x86_64-fedora-clang 1.0.3 50.00 83.47 133.47 OK
r-devel-linux-x86_64-fedora-gcc 1.0.3 88.00 108.84 196.84 OK
r-devel-windows-x86_64 1.0.3 60.00 90.00 150.00 OK
r-patched-linux-x86_64 1.0.3 53.90 53.93 107.83 OK
r-release-linux-x86_64 1.0.3 53.83 53.42 107.25 OK
r-release-macos-arm64 1.0.3 20.00 35.00 55.00 OK
r-release-macos-x86_64 1.0.3 28.00 100.00 128.00 OK
r-release-windows-x86_64 1.0.3 59.00 92.00 151.00 OK
r-oldrel-macos-arm64 1.0.3 17.00 43.00 60.00 NOTE
r-oldrel-macos-x86_64 1.0.3 20.00 107.00 127.00 NOTE
r-oldrel-windows-x86_64 1.0.3 70.00 108.00 178.00 OK

Check Details

Version: 1.0.3
Check: HTML version of manual
Result: NOTE Found the following HTML validation problems: read_cdp.html:46:1 (read_cdp.Rd:10): Warning: missing </ul> before </div> Flavor: r-devel-linux-x86_64-debian-clang

Version: 1.0.3
Check: installed package size
Result: NOTE installed size is 5.2Mb sub-directories of 1Mb or more: libs 4.7Mb Flavors: r-oldrel-macos-arm64, r-oldrel-macos-x86_64

These binaries (installable software) and packages are in development.
They may not be fully stable and should be used with caution. We make no claims about them.