Last updated on 2024-07-27 15:50:13 CEST.
Flavor | Version | Tinstall | Tcheck | Ttotal | Status | Flags |
---|---|---|---|---|---|---|
r-devel-linux-x86_64-debian-clang | 0.5.5 | 55.44 | 106.40 | 161.84 | OK | |
r-devel-linux-x86_64-debian-gcc | 0.5.5 | OK | ||||
r-devel-linux-x86_64-fedora-clang | 0.5.5 | 234.84 | NOTE | |||
r-devel-linux-x86_64-fedora-gcc | 0.5.5 | 235.93 | NOTE | |||
r-devel-windows-x86_64 | 0.5.5 | 49.00 | 116.00 | 165.00 | OK | |
r-patched-linux-x86_64 | 0.5.5 | OK | ||||
r-release-linux-x86_64 | 0.5.5 | 56.25 | 100.44 | 156.69 | OK | |
r-release-macos-arm64 | 0.5.5 | 65.00 | OK | |||
r-release-macos-x86_64 | 0.5.5 | 85.00 | OK | |||
r-release-windows-x86_64 | 0.5.5 | 54.00 | 117.00 | 171.00 | OK | |
r-oldrel-macos-arm64 | 0.5.5 | 78.00 | OK | |||
r-oldrel-macos-x86_64 | 0.5.5 | 153.00 | OK | |||
r-oldrel-windows-x86_64 | 0.5.5 | 58.00 | 138.00 | 196.00 | OK |
Version: 0.5.5
Check: data for non-ASCII characters
Result: NOTE
Note: found 27 marked UTF-8 strings
Flavors: r-devel-linux-x86_64-fedora-clang, r-devel-linux-x86_64-fedora-gcc
These binaries (installable software) and packages are in development.
They may not be fully stable and should be used with caution. We make no claims about them.