CRAN Package Check Results for Package coda

Last updated on 2025-07-23 05:48:41 CEST.

Flavor Version Tinstall Tcheck Ttotal Status Flags
r-devel-linux-x86_64-debian-clang 0.19-4.1 4.76 35.53 40.29 NOTE
r-devel-linux-x86_64-debian-gcc 0.19-4.1 3.73 26.42 30.15 NOTE
r-devel-linux-x86_64-fedora-clang 0.19-4.1 64.07 OK
r-devel-linux-x86_64-fedora-gcc 0.19-4.1 60.05 OK
r-devel-windows-x86_64 0.19-4.1 6.00 57.00 63.00 OK
r-patched-linux-x86_64 0.19-4.1 6.16 34.05 40.21 OK
r-release-linux-x86_64 0.19-4.1 4.01 33.92 37.93 OK
r-release-macos-arm64 0.19-4.1 24.00 OK
r-release-macos-x86_64 0.19-4.1 47.00 OK
r-release-windows-x86_64 0.19-4.1 6.00 59.00 65.00 OK
r-oldrel-macos-arm64 0.19-4.1 25.00 OK
r-oldrel-macos-x86_64 0.19-4.1 31.00 OK
r-oldrel-windows-x86_64 0.19-4.1 7.00 63.00 70.00 OK

Check Details

Version: 0.19-4.1
Check: CRAN incoming feasibility
Result: NOTE Maintainer: ‘Martyn Plummer <martyn.plummer@gmail.com>’ Package CITATION file contains call(s) to old-style personList() or as.personList(). Please use c() on person objects instead. Package CITATION file contains call(s) to old-style citEntry(). Please use bibentry() instead. Flavors: r-devel-linux-x86_64-debian-clang, r-devel-linux-x86_64-debian-gcc

These binaries (installable software) and packages are in development.
They may not be fully stable and should be used with caution. We make no claims about them.