Last updated on 2025-11-12 19:51:44 CET.
| Flavor | Version | Tinstall | Tcheck | Ttotal | Status | Flags |
|---|---|---|---|---|---|---|
| r-devel-linux-x86_64-debian-clang | 0.1.2 | 2.24 | 54.04 | 56.28 | NOTE | |
| r-devel-linux-x86_64-debian-gcc | 0.1.2 | 1.55 | 37.41 | 38.96 | NOTE | |
| r-devel-linux-x86_64-fedora-clang | 0.1.2 | 83.51 | NOTE | |||
| r-devel-linux-x86_64-fedora-gcc | 0.1.2 | 95.87 | NOTE | |||
| r-devel-windows-x86_64 | 0.1.2 | 5.00 | 66.00 | 71.00 | NOTE | |
| r-patched-linux-x86_64 | 0.1.2 | 2.33 | 48.78 | 51.11 | NOTE | |
| r-release-linux-x86_64 | 0.1.2 | 2.08 | 48.43 | 50.51 | NOTE | |
| r-release-macos-arm64 | 0.1.2 | 1.00 | 37.00 | 38.00 | NOTE | |
| r-release-macos-x86_64 | 0.1.2 | 2.00 | 68.00 | 70.00 | NOTE | |
| r-release-windows-x86_64 | 0.1.2 | 4.00 | 61.00 | 65.00 | NOTE | |
| r-oldrel-macos-arm64 | 0.1.2 | 1.00 | 31.00 | 32.00 | NOTE | |
| r-oldrel-macos-x86_64 | 0.1.2 | 2.00 | 46.00 | 48.00 | NOTE | |
| r-oldrel-windows-x86_64 | 0.1.2 | 5.00 | 80.00 | 85.00 | NOTE |
Version: 0.1.2
Check: Rd files
Result: NOTE
checkRd: (-1) educFM.Rd:22: Lost braces in \itemize; meant \describe ?
checkRd: (-1) educFM.Rd:23: Lost braces in \itemize; meant \describe ?
checkRd: (-1) educFM.Rd:24: Lost braces in \itemize; meant \describe ?
checkRd: (-1) educFM.Rd:25: Lost braces in \itemize; meant \describe ?
checkRd: (-1) educFM.Rd:26: Lost braces in \itemize; meant \describe ?
checkRd: (-1) educFM.Rd:27: Lost braces in \itemize; meant \describe ?
checkRd: (-1) educFM.Rd:28: Lost braces in \itemize; meant \describe ?
Flavors: r-devel-linux-x86_64-debian-clang, r-devel-linux-x86_64-debian-gcc, r-devel-linux-x86_64-fedora-clang, r-devel-linux-x86_64-fedora-gcc, r-devel-windows-x86_64, r-patched-linux-x86_64, r-release-linux-x86_64, r-release-macos-arm64, r-release-macos-x86_64, r-release-windows-x86_64, r-oldrel-macos-arm64, r-oldrel-macos-x86_64, r-oldrel-windows-x86_64
These binaries (installable software) and packages are in development.
They may not be fully stable and should be used with caution. We make no claims about them.