Last updated on 2025-05-21 21:49:12 CEST.
Flavor | Version | Tinstall | Tcheck | Ttotal | Status | Flags |
---|---|---|---|---|---|---|
r-devel-linux-x86_64-debian-clang | 0.1.8 | 5.11 | 53.69 | 58.80 | NOTE | |
r-devel-linux-x86_64-debian-gcc | 0.1.8 | 3.43 | 38.12 | 41.55 | NOTE | |
r-devel-linux-x86_64-fedora-clang | 0.1.8 | 88.89 | NOTE | |||
r-devel-linux-x86_64-fedora-gcc | 0.1.8 | 84.24 | NOTE | |||
r-devel-windows-x86_64 | 0.1.8 | 6.00 | 76.00 | 82.00 | NOTE | |
r-patched-linux-x86_64 | 0.1.8 | 5.07 | 49.77 | 54.84 | NOTE | |
r-release-linux-x86_64 | 0.1.8 | 4.20 | 48.67 | 52.87 | NOTE | |
r-release-macos-arm64 | 0.1.8 | 30.00 | NOTE | |||
r-release-macos-x86_64 | 0.1.8 | 56.00 | NOTE | |||
r-release-windows-x86_64 | 0.1.8 | 6.00 | 82.00 | 88.00 | NOTE | |
r-oldrel-macos-arm64 | 0.1.8 | 31.00 | OK | |||
r-oldrel-macos-x86_64 | 0.1.8 | 43.00 | OK | |||
r-oldrel-windows-x86_64 | 0.1.8 | 9.00 | 82.00 | 91.00 | OK |
Version: 0.1.8
Check: DESCRIPTION meta-information
Result: NOTE
Missing dependency on R >= 4.1.0 because package code uses the pipe
|> or function shorthand \(...) syntax added in R 4.1.0.
File(s) using such syntax:
‘cb_summary_stats_numeric.R’
Flavors: r-devel-linux-x86_64-debian-clang, r-devel-linux-x86_64-debian-gcc, r-devel-linux-x86_64-fedora-clang, r-devel-linux-x86_64-fedora-gcc, r-devel-windows-x86_64, r-patched-linux-x86_64, r-release-linux-x86_64, r-release-macos-arm64, r-release-macos-x86_64, r-release-windows-x86_64
These binaries (installable software) and packages are in development.
They may not be fully stable and should be used with caution. We make no claims about them.