Last updated on 2025-11-12 12:53:06 CET.
| Flavor | Version | Tinstall | Tcheck | Ttotal | Status | Flags |
|---|---|---|---|---|---|---|
| r-devel-linux-x86_64-debian-clang | 0.1.8 | 5.03 | 57.07 | 62.10 | NOTE | |
| r-devel-linux-x86_64-debian-gcc | 0.1.8 | 3.21 | 40.50 | 43.71 | NOTE | |
| r-devel-linux-x86_64-fedora-clang | 0.1.8 | 10.00 | 80.89 | 90.89 | NOTE | |
| r-devel-linux-x86_64-fedora-gcc | 0.1.8 | 85.75 | NOTE | |||
| r-devel-windows-x86_64 | 0.1.8 | 7.00 | 70.00 | 77.00 | NOTE | |
| r-patched-linux-x86_64 | 0.1.8 | 5.32 | 51.04 | 56.36 | NOTE | |
| r-release-linux-x86_64 | 0.1.8 | 4.09 | 51.25 | 55.34 | NOTE | |
| r-release-macos-arm64 | 0.1.8 | 2.00 | 28.00 | 30.00 | NOTE | |
| r-release-macos-x86_64 | 0.1.8 | 5.00 | 51.00 | 56.00 | NOTE | |
| r-release-windows-x86_64 | 0.1.8 | 8.00 | 67.00 | 75.00 | NOTE | |
| r-oldrel-macos-arm64 | 0.1.8 | 2.00 | 29.00 | 31.00 | OK | |
| r-oldrel-macos-x86_64 | 0.1.8 | 3.00 | 40.00 | 43.00 | OK | |
| r-oldrel-windows-x86_64 | 0.1.8 | 8.00 | 83.00 | 91.00 | OK |
Version: 0.1.8
Check: DESCRIPTION meta-information
Result: NOTE
Missing dependency on R >= 4.1.0 because package code uses the pipe
|> or function shorthand \(...) syntax added in R 4.1.0.
File(s) using such syntax:
‘cb_summary_stats_numeric.R’
Flavors: r-devel-linux-x86_64-debian-clang, r-devel-linux-x86_64-debian-gcc, r-devel-linux-x86_64-fedora-clang, r-devel-linux-x86_64-fedora-gcc, r-devel-windows-x86_64, r-patched-linux-x86_64, r-release-linux-x86_64, r-release-macos-arm64, r-release-macos-x86_64, r-release-windows-x86_64
These binaries (installable software) and packages are in development.
They may not be fully stable and should be used with caution. We make no claims about them.