CRAN Package Check Results for Package codemetar

Last updated on 2025-05-01 14:49:06 CEST.

Flavor Version Tinstall Tcheck Ttotal Status Flags
r-devel-linux-x86_64-debian-clang 0.3.5 4.44 39.37 43.81 NOTE
r-devel-linux-x86_64-debian-gcc 0.3.5 3.23 31.34 34.57 NOTE
r-devel-linux-x86_64-fedora-clang 0.3.5 67.07 OK
r-devel-linux-x86_64-fedora-gcc 0.3.5 78.07 OK
r-devel-windows-x86_64 0.3.5 6.00 61.00 67.00 NOTE
r-patched-linux-x86_64 0.3.5 4.00 37.07 41.07 NOTE
r-release-linux-x86_64 NOTE
r-release-macos-arm64 0.3.5 49.00 OK
r-release-macos-x86_64 0.3.5 85.00 OK
r-release-windows-x86_64 0.3.5 6.00 65.00 71.00 NOTE
r-oldrel-macos-arm64 0.3.5 30.00 OK
r-oldrel-macos-x86_64 0.3.5 49.00 OK
r-oldrel-windows-x86_64 0.3.5 8.00 67.00 75.00 OK

Check Details

Version: 0.3.5
Check: Rd cross-references
Result: NOTE Found the following Rd file(s) with Rd \link{} targets missing package anchors: create_codemeta.Rd: write_json write_codemeta.Rd: write_json Please provide package anchors for all Rd \link{} targets not in the package itself and the base packages. Flavors: r-devel-linux-x86_64-debian-clang, r-devel-linux-x86_64-debian-gcc, r-devel-windows-x86_64, r-patched-linux-x86_64, r-release-linux-x86_64, r-release-windows-x86_64

These binaries (installable software) and packages are in development.
They may not be fully stable and should be used with caution. We make no claims about them.