Last updated on 2025-11-11 15:50:30 CET.
| Flavor | Version | Tinstall | Tcheck | Ttotal | Status | Flags |
|---|---|---|---|---|---|---|
| r-devel-linux-x86_64-debian-clang | 0.1.0 | 1.39 | 17.60 | 18.99 | OK | |
| r-devel-linux-x86_64-debian-gcc | 0.1.0 | 1.36 | 14.93 | 16.29 | OK | |
| r-devel-linux-x86_64-fedora-clang | 0.1.0 | 27.71 | OK | |||
| r-devel-linux-x86_64-fedora-gcc | 0.1.0 | 26.57 | OK | |||
| r-devel-windows-x86_64 | 0.1.0 | 4.00 | 33.00 | 37.00 | OK | |
| r-patched-linux-x86_64 | 0.1.0 | 1.39 | 16.68 | 18.07 | OK | |
| r-release-linux-x86_64 | 0.1.0 | 1.54 | 16.63 | 18.17 | OK | |
| r-release-macos-arm64 | 0.1.0 | 1.00 | 12.00 | 13.00 | OK | |
| r-release-macos-x86_64 | 0.1.0 | 1.00 | 19.00 | 20.00 | OK | |
| r-release-windows-x86_64 | 0.1.0 | 2.00 | 32.00 | 34.00 | OK | |
| r-oldrel-macos-arm64 | 0.1.0 | 1.00 | 21.00 | 22.00 | NOTE | |
| r-oldrel-macos-x86_64 | 0.1.0 | 1.00 | 19.00 | 20.00 | NOTE | |
| r-oldrel-windows-x86_64 | 0.1.0 | 3.00 | 34.00 | 37.00 | NOTE |
Version: 0.1.0
Check: LazyData
Result: NOTE
'LazyData' is specified without a 'data' directory
Flavors: r-oldrel-macos-arm64, r-oldrel-macos-x86_64, r-oldrel-windows-x86_64
These binaries (installable software) and packages are in development.
They may not be fully stable and should be used with caution. We make no claims about them.