Last updated on 2025-07-17 01:49:44 CEST.
Flavor | Version | Tinstall | Tcheck | Ttotal | Status | Flags |
---|---|---|---|---|---|---|
r-devel-linux-x86_64-debian-clang | 0.4.0 | 6.38 | 70.31 | 76.69 | NOTE | |
r-devel-linux-x86_64-debian-gcc | 0.4.0 | 5.03 | 53.44 | 58.47 | NOTE | |
r-devel-linux-x86_64-fedora-clang | 0.4.0 | 119.14 | OK | |||
r-devel-linux-x86_64-fedora-gcc | 0.4.0 | 129.50 | OK | |||
r-devel-windows-x86_64 | 0.4.0 | 7.00 | 105.00 | 112.00 | OK | |
r-patched-linux-x86_64 | 0.4.0 | 6.78 | 67.32 | 74.10 | OK | |
r-release-linux-x86_64 | 0.4.0 | 6.57 | 67.36 | 73.93 | OK | |
r-release-macos-arm64 | 0.4.0 | 59.00 | OK | |||
r-release-macos-x86_64 | 0.4.0 | 108.00 | OK | |||
r-release-windows-x86_64 | 0.4.0 | 7.00 | 107.00 | 114.00 | OK | |
r-oldrel-macos-arm64 | 0.4.0 | 45.00 | OK | |||
r-oldrel-macos-x86_64 | 0.4.0 | 158.00 | OK | |||
r-oldrel-windows-x86_64 | 0.4.0 | 10.00 | 118.00 | 128.00 | OK |
Version: 0.4.0
Check: CRAN incoming feasibility
Result: NOTE
Maintainer: ‘Bill Venables <Bill.Venables@gmail.com>’
No Authors@R field in DESCRIPTION.
Please add one, modifying
Authors@R: person(given = "Bill",
family = "Venables",
role = c("aut", "cre"),
email = "bill.venables@gmail.com")
as necessary.
Flavors: r-devel-linux-x86_64-debian-clang, r-devel-linux-x86_64-debian-gcc
These binaries (installable software) and packages are in development.
They may not be fully stable and should be used with caution. We make no claims about them.