Last updated on 2025-02-16 10:50:43 CET.
Flavor | Version | Tinstall | Tcheck | Ttotal | Status | Flags |
---|---|---|---|---|---|---|
r-devel-linux-x86_64-debian-clang | 1.0.2 | 21.38 | 125.26 | 146.64 | OK | |
r-devel-linux-x86_64-debian-gcc | 1.0.2 | 16.68 | 124.37 | 141.05 | OK | |
r-devel-linux-x86_64-fedora-clang | 1.0.2 | 227.18 | OK | |||
r-devel-linux-x86_64-fedora-gcc | 1.0.2 | 237.77 | OK | |||
r-devel-macos-arm64 | 1.0.2 | 85.00 | OK | |||
r-devel-macos-x86_64 | 1.0.2 | 150.00 | OK | |||
r-devel-windows-x86_64 | 1.0.2 | 23.00 | 149.00 | 172.00 | OK | |
r-patched-linux-x86_64 | 1.0.2 | 21.81 | 125.97 | 147.78 | OK | |
r-release-linux-x86_64 | 1.0.2 | 23.04 | 125.20 | 148.24 | OK | |
r-release-macos-arm64 | 1.0.2 | 84.00 | NOTE | |||
r-release-macos-x86_64 | 1.0.2 | 108.00 | NOTE | |||
r-release-windows-x86_64 | 1.0.2 | 23.00 | 154.00 | 177.00 | OK | |
r-oldrel-macos-arm64 | 1.0.2 | 98.00 | NOTE | |||
r-oldrel-macos-x86_64 | 1.0.2 | 204.00 | NOTE | |||
r-oldrel-windows-x86_64 | 1.0.2 | 31.00 | 210.00 | 241.00 | OK |
Version: 1.0.2
Check: installed package size
Result: NOTE
installed size is 5.8Mb
sub-directories of 1Mb or more:
libs 5.6Mb
Flavors: r-release-macos-arm64, r-release-macos-x86_64, r-oldrel-macos-arm64, r-oldrel-macos-x86_64
These binaries (installable software) and packages are in development.
They may not be fully stable and should be used with caution. We make no claims about them.