CRAN Package Check Results for Package coglasso

Last updated on 2025-07-02 03:50:38 CEST.

Flavor Version Tinstall Tcheck Ttotal Status Flags
r-devel-linux-x86_64-debian-clang 1.0.2 21.30 128.28 149.58 NOTE
r-devel-linux-x86_64-debian-gcc 1.0.2 16.20 130.59 146.79 NOTE
r-devel-linux-x86_64-fedora-clang 1.0.2 214.82 OK
r-devel-linux-x86_64-fedora-gcc 1.0.2 225.91 OK
r-devel-windows-x86_64 1.0.2 26.00 153.00 179.00 OK
r-patched-linux-x86_64 OK
r-release-linux-x86_64 1.0.2 23.36 124.87 148.23 OK
r-release-macos-arm64 1.0.2 93.00 OK
r-release-macos-x86_64 1.0.2 150.00 OK
r-release-windows-x86_64 1.0.2 26.00 152.00 178.00 OK
r-oldrel-macos-arm64 1.0.2 84.00 NOTE
r-oldrel-macos-x86_64 1.0.2 108.00 NOTE
r-oldrel-windows-x86_64 1.0.2 30.00 191.00 221.00 OK

Check Details

Version: 1.0.2
Check: CRAN incoming feasibility
Result: NOTE Maintainer: ‘Alessio Albanese <alessio.albanese@wur.nl>’ The Description field contains W., and Behrouzi, P. (2024) <arXiv:2403.18602>. Build multiple networks Please refer to arXiv e-prints via their arXiv DOI <doi:10.48550/arXiv.YYMM.NNNNN>. Flavors: r-devel-linux-x86_64-debian-clang, r-devel-linux-x86_64-debian-gcc

Version: 1.0.2
Check: installed package size
Result: NOTE installed size is 5.8Mb sub-directories of 1Mb or more: libs 5.6Mb Flavors: r-oldrel-macos-arm64, r-oldrel-macos-x86_64

These binaries (installable software) and packages are in development.
They may not be fully stable and should be used with caution. We make no claims about them.