Last updated on 2025-10-03 13:49:28 CEST.
Flavor | Version | Tinstall | Tcheck | Ttotal | Status | Flags |
---|---|---|---|---|---|---|
r-devel-linux-x86_64-debian-clang | 0.9.3 | 8.01 | 90.73 | 98.74 | NOTE | |
r-devel-linux-x86_64-debian-gcc | 0.9.3 | 6.76 | 65.00 | 71.76 | NOTE | |
r-devel-linux-x86_64-fedora-clang | 0.9.3 | 170.14 | NOTE | |||
r-devel-linux-x86_64-fedora-gcc | 0.9.3 | 164.09 | NOTE | |||
r-devel-windows-x86_64 | 0.9.3 | 12.00 | 102.00 | 114.00 | NOTE | |
r-patched-linux-x86_64 | 0.9.3 | 9.63 | 85.84 | 95.47 | NOTE | |
r-release-linux-x86_64 | 0.9.3 | 8.31 | 86.29 | 94.60 | NOTE | |
r-release-macos-arm64 | 0.9.3 | 39.00 | NOTE | |||
r-release-macos-x86_64 | 0.9.3 | 77.00 | NOTE | |||
r-release-windows-x86_64 | 0.9.3 | 10.00 | 102.00 | 112.00 | NOTE | |
r-oldrel-macos-arm64 | 0.9.3 | 37.00 | NOTE | |||
r-oldrel-macos-x86_64 | 0.9.3 | 56.00 | NOTE | |||
r-oldrel-windows-x86_64 | 0.9.3 | 15.00 | 127.00 | 142.00 | NOTE |
Version: 0.9.3
Check: package subdirectories
Result: NOTE
Problems with news in ‘NEWS.md’:
No news entries found.
Flavors: r-devel-linux-x86_64-debian-clang, r-devel-linux-x86_64-debian-gcc, r-devel-linux-x86_64-fedora-clang, r-devel-linux-x86_64-fedora-gcc, r-devel-windows-x86_64, r-patched-linux-x86_64, r-release-linux-x86_64, r-release-macos-arm64, r-release-macos-x86_64, r-release-windows-x86_64, r-oldrel-macos-arm64, r-oldrel-macos-x86_64, r-oldrel-windows-x86_64
These binaries (installable software) and packages are in development.
They may not be fully stable and should be used with caution. We make no claims about them.