Last updated on 2025-10-23 15:49:50 CEST.
Flavor | Version | Tinstall | Tcheck | Ttotal | Status | Flags |
---|---|---|---|---|---|---|
r-devel-linux-x86_64-debian-clang | 1.4-3 | 15.16 | 273.70 | 288.86 | NOTE | |
r-devel-linux-x86_64-debian-gcc | 1.4-3 | 10.75 | 216.90 | 227.65 | OK | |
r-devel-linux-x86_64-fedora-clang | 1.4-3 | 82.00 | 372.46 | 454.46 | OK | |
r-devel-linux-x86_64-fedora-gcc | 1.4-3 | 72.00 | 386.25 | 458.25 | OK | |
r-devel-windows-x86_64 | 1.4-3 | 20.00 | 379.00 | 399.00 | OK | |
r-patched-linux-x86_64 | 1.4-3 | 18.01 | 265.65 | 283.66 | OK | |
r-release-linux-x86_64 | 1.4-3 | 14.66 | 264.66 | 279.32 | OK | |
r-release-macos-arm64 | 1.4-3 | 9.00 | 169.00 | 178.00 | OK | |
r-release-macos-x86_64 | 1.4-3 | 17.00 | 329.00 | 346.00 | OK | |
r-release-windows-x86_64 | 1.4-3 | 21.00 | 394.00 | 415.00 | OK | |
r-oldrel-macos-arm64 | 1.4-3 | 8.00 | 146.00 | 154.00 | OK | |
r-oldrel-macos-x86_64 | 1.4-3 | 12.00 | 217.00 | 229.00 | OK | |
r-oldrel-windows-x86_64 | 1.4-3 | 29.00 | 431.00 | 460.00 | OK |
Version: 1.4-3
Check: top-level files
Result: NOTE
Found the following validation problem for the NEWS.Rd HTML conversion:
NEWS.html:71:1 (inst/NEWS.Rd:31): Warning: <h4> anchor "Bug-fixes" already defined
NEWS.html:83:1 (inst/NEWS.Rd:37): Warning: <h4> anchor "User-visible-changes" already defined
NEWS.html:94:1 (inst/NEWS.Rd:42): Warning: <h4> anchor "Other-changes" already defined
NEWS.html:109:1 (inst/NEWS.Rd:50): Warning: <h4> anchor "Bug-fixes" already defined
NEWS.html:148:1 (inst/NEWS.Rd:74): Warning: <h4> anchor "Bug-fixes" already defined
NEWS.html:165:1 (inst/NEWS.Rd:84): Warning: <h4> anchor "User-visible-changes" already defined
NEWS.html:184:1 (inst/NEWS.Rd:95): Warning: <h4> anchor "Other-changes" already defined
NEWS.html:223:1 (inst/NEWS.Rd:120): Warning: <h4> anchor "Bug-fixes" already defined
NEWS.html:235:1 (inst/NEWS.Rd:126): Warning: <h4> anchor "User-visible-changes" already defined
NEWS.html:255:1 (inst/NEWS.Rd:138): Warning: <h4> anchor "New-features" already defined
NEWS.html:283:1 (inst/NEWS.Rd:157): Warning: <h4> anchor "Bug-fixes" already defined
NEWS.html:312:1 (inst/NEWS.Rd:177): Warning: <h4> anchor "User-visible-changes" already defined
NEWS.html:359:1 (inst/NEWS.Rd:210): Warning: <h4> anchor "Other-changes" already defined
NEWS.html:379:1 (inst/NEWS.Rd:222): Warning: <h4> anchor "Deprecated-and-defunct" already defined
NEWS.html:400:1 (inst/NEWS.Rd:235): Warning: <h4> anchor "Other-changes" already defined
NEWS.html:415:1 (inst/NEWS.Rd:243): Warning: <h4> anchor "Bug-fixes" already defined
NEWS.html:431:1 (inst/NEWS.Rd:252): Warning: <h4> anchor "New-features" already defined
NEWS.html:448:1 (inst/NEWS.Rd:262): Warning: <h4> anchor "Bug-fixes" already defined
NEWS.html:476:1 (inst/NEWS.Rd:280): Warning: <h4> anchor "User-visible-changes" already defined
NEWS.html:492:1 (inst/NEWS.Rd:289): Warning: <h4> anchor "Deprecated-and-defunct" already defined
NEWS.html:515:1 (inst/NEWS.Rd:303): Warning: <h4> anchor "Bug-fixes" already defined
NEWS.html:549:1 (inst/NEWS.Rd:327): Warning: <h4> anchor "User-visible-changes" already defined
NEWS.html:560:1 (inst/NEWS.Rd:332): Warning: <h4> anchor "Other-changes" already defined
NEWS.html:575:1 (inst/NEWS.Rd:340): Warning: <h4> anchor "Bug-fixes" already defined
NEWS.html:591:1 (inst/NEWS.Rd:349): Warning: <h4> anchor "User-visible-changes" already defined
NEWS.html:606:1 (inst/NEWS.Rd:357): Warning: <h4> anchor "Bug-fixes" already defined
NEWS.html:618:1 (inst/NEWS.Rd:363): Warning: <h4> anchor "User-visible-changes" already defined
NEWS.html:633:1 (inst/NEWS.Rd:371): Warning: <h4> anchor "New-features" already defined
NEWS.html:815:1 (inst/NEWS.Rd:512): Warning: <h4> anchor "Bug-fixes" already defined
NEWS.html:977:1 (inst/NEWS.Rd:636): Warning: <h4> anchor "User-visible-changes" already defined
NEWS.html:1102:1 (inst/NEWS.Rd:731): Warning: <h4> anchor "Other-changes" already defined
NEWS.html:1115:1 (inst/NEWS.Rd:738): Warning: <h4> anchor "Deprecated-and-defunct" already defined
Flavor: r-devel-linux-x86_64-debian-clang
These binaries (installable software) and packages are in development.
They may not be fully stable and should be used with caution. We make no claims about them.