Last updated on 2025-11-11 15:50:30 CET.
| Flavor | Version | Tinstall | Tcheck | Ttotal | Status | Flags |
|---|---|---|---|---|---|---|
| r-devel-linux-x86_64-debian-clang | 0.1.0 | 2.14 | 33.15 | 35.29 | NOTE | |
| r-devel-linux-x86_64-debian-gcc | 0.1.0 | 1.75 | 27.36 | 29.11 | NOTE | |
| r-devel-linux-x86_64-fedora-clang | 0.1.0 | 51.11 | OK | |||
| r-devel-linux-x86_64-fedora-gcc | 0.1.0 | 62.50 | OK | |||
| r-devel-windows-x86_64 | 0.1.0 | 4.00 | 51.00 | 55.00 | OK | |
| r-patched-linux-x86_64 | 0.1.0 | 2.59 | 30.27 | 32.86 | OK | |
| r-release-linux-x86_64 | 0.1.0 | 1.92 | 30.46 | 32.38 | OK | |
| r-release-macos-arm64 | 0.1.0 | 1.00 | 35.00 | 36.00 | OK | |
| r-release-macos-x86_64 | 0.1.0 | 3.00 | 45.00 | 48.00 | OK | |
| r-release-windows-x86_64 | 0.1.0 | 4.00 | 48.00 | 52.00 | OK | |
| r-oldrel-macos-arm64 | 0.1.0 | 1.00 | 25.00 | 26.00 | OK | |
| r-oldrel-macos-x86_64 | 0.1.0 | 2.00 | 41.00 | 43.00 | OK | |
| r-oldrel-windows-x86_64 | 0.1.0 | 3.00 | 56.00 | 59.00 | OK |
Version: 0.1.0
Check: CRAN incoming feasibility
Result: NOTE
Maintainer: ‘Philipp Aschersleben <aschersleben@statistik.tu-dortmund.de>’
Found the following URLs which should use \doi (with the DOI name only):
File ‘monitorCointegration.Rd’:
http://dx.doi.org/10.2139/ssrn.2624657
File ‘monitorStationarity.Rd’:
http://dx.doi.org/10.2139/ssrn.2624657
Flavors: r-devel-linux-x86_64-debian-clang, r-devel-linux-x86_64-debian-gcc
These binaries (installable software) and packages are in development.
They may not be fully stable and should be used with caution. We make no claims about them.