CRAN Package Check Results for Package colf

Last updated on 2025-07-17 01:49:44 CEST.

Flavor Version Tinstall Tcheck Ttotal Status Flags
r-devel-linux-x86_64-debian-clang 0.1.3 1.90 27.22 29.12 OK
r-devel-linux-x86_64-debian-gcc 0.1.3 1.63 22.63 24.26 OK
r-devel-linux-x86_64-fedora-clang 0.1.3 44.90 OK
r-devel-linux-x86_64-fedora-gcc 0.1.3 57.20 OK
r-devel-windows-x86_64 0.1.3 3.00 50.00 53.00 OK
r-patched-linux-x86_64 0.1.3 2.12 25.02 27.14 OK
r-release-linux-x86_64 0.1.3 1.78 24.70 26.48 OK
r-release-macos-arm64 0.1.3 25.00 OK
r-release-macos-x86_64 0.1.3 44.00 OK
r-release-windows-x86_64 0.1.3 3.00 48.00 51.00 OK
r-oldrel-macos-arm64 0.1.3 28.00 NOTE
r-oldrel-macos-x86_64 0.1.3 40.00 NOTE
r-oldrel-windows-x86_64 0.1.3 4.00 55.00 59.00 NOTE

Check Details

Version: 0.1.3
Check: LazyData
Result: NOTE 'LazyData' is specified without a 'data' directory Flavors: r-oldrel-macos-arm64, r-oldrel-macos-x86_64, r-oldrel-windows-x86_64

These binaries (installable software) and packages are in development.
They may not be fully stable and should be used with caution. We make no claims about them.