CRAN Package Check Results for Package colf

Last updated on 2025-10-25 01:50:55 CEST.

Flavor Version Tinstall Tcheck Ttotal Status Flags
r-devel-linux-x86_64-debian-clang 0.1.3 1.75 28.61 30.36 OK
r-devel-linux-x86_64-debian-gcc 0.1.3 1.50 23.40 24.90 OK
r-devel-linux-x86_64-fedora-clang 0.1.3 34.15 OK
r-devel-linux-x86_64-fedora-gcc 0.1.3 56.69 OK
r-devel-windows-x86_64 0.1.3 3.00 48.00 51.00 OK
r-patched-linux-x86_64 0.1.3 2.04 26.24 28.28 OK
r-release-linux-x86_64 0.1.3 1.81 26.22 28.03 OK
r-release-macos-arm64 0.1.3 1.00 24.00 25.00 OK
r-release-macos-x86_64 0.1.3 2.00 42.00 44.00 OK
r-release-windows-x86_64 0.1.3 3.00 51.00 54.00 OK
r-oldrel-macos-arm64 0.1.3 1.00 27.00 28.00 NOTE
r-oldrel-macos-x86_64 0.1.3 2.00 38.00 40.00 NOTE
r-oldrel-windows-x86_64 0.1.3 6.00 57.00 63.00 NOTE

Check Details

Version: 0.1.3
Check: LazyData
Result: NOTE 'LazyData' is specified without a 'data' directory Flavors: r-oldrel-macos-arm64, r-oldrel-macos-x86_64, r-oldrel-windows-x86_64

These binaries (installable software) and packages are in development.
They may not be fully stable and should be used with caution. We make no claims about them.