Last updated on 2024-07-27 15:50:14 CEST.
Flavor | Version | Tinstall | Tcheck | Ttotal | Status | Flags |
---|---|---|---|---|---|---|
r-devel-linux-x86_64-debian-clang | 1.0.5 | 19.46 | 42.42 | 61.88 | OK | |
r-devel-linux-x86_64-debian-gcc | 1.0.5 | OK | ||||
r-devel-linux-x86_64-fedora-clang | 1.0.5 | 111.00 | NOTE | |||
r-devel-linux-x86_64-fedora-gcc | 1.0.5 | 84.21 | NOTE | |||
r-devel-windows-x86_64 | 1.0.5 | 21.00 | 66.00 | 87.00 | OK | |
r-patched-linux-x86_64 | 1.0.5 | OK | ||||
r-release-linux-x86_64 | 1.0.5 | 19.71 | 40.46 | 60.17 | OK | |
r-release-macos-arm64 | 1.0.5 | 28.00 | OK | |||
r-release-macos-x86_64 | 1.0.5 | 41.00 | OK | |||
r-release-windows-x86_64 | 1.0.5 | 23.00 | 69.00 | 92.00 | OK | |
r-oldrel-macos-arm64 | 1.0.5 | 34.00 | OK | |||
r-oldrel-macos-x86_64 | 1.0.5 | 48.00 | OK | |||
r-oldrel-windows-x86_64 | 1.0.5 | 19.00 | 77.00 | 96.00 | OK |
Version: 1.0.5
Check: compiled code
Result: NOTE
File ‘collUtils/libs/collUtils.so’:
Found no calls to: ‘R_registerRoutines’, ‘R_useDynamicSymbols’
It is good practice to register native routines and to disable symbol
search.
See ‘Writing portable packages’ in the ‘Writing R Extensions’ manual.
Flavors: r-devel-linux-x86_64-fedora-clang, r-devel-linux-x86_64-fedora-gcc
These binaries (installable software) and packages are in development.
They may not be fully stable and should be used with caution. We make no claims about them.