Last updated on 2025-10-31 03:49:59 CET.
| Flavor | Version | Tinstall | Tcheck | Ttotal | Status | Flags | 
|---|---|---|---|---|---|---|
| r-devel-linux-x86_64-debian-clang | 1.0.0 | 1.89 | 41.70 | 43.59 | NOTE | |
| r-devel-linux-x86_64-debian-gcc | 1.0.0 | 1.59 | 33.69 | 35.28 | NOTE | |
| r-devel-linux-x86_64-fedora-clang | 1.0.0 | 65.84 | OK | |||
| r-devel-linux-x86_64-fedora-gcc | 1.0.0 | 79.52 | OK | |||
| r-devel-windows-x86_64 | 1.0.0 | 4.00 | 59.00 | 63.00 | OK | |
| r-patched-linux-x86_64 | 1.0.0 | 1.94 | 38.46 | 40.40 | OK | |
| r-release-linux-x86_64 | 1.0.0 | 1.73 | 38.67 | 40.40 | OK | |
| r-release-macos-arm64 | 1.0.0 | 1.00 | 30.00 | 31.00 | OK | |
| r-release-macos-x86_64 | 1.0.0 | 2.00 | 56.00 | 58.00 | OK | |
| r-release-windows-x86_64 | 1.0.0 | 3.00 | 63.00 | 66.00 | OK | |
| r-oldrel-macos-arm64 | 1.0.0 | 1.00 | 35.00 | 36.00 | OK | |
| r-oldrel-macos-x86_64 | 1.0.0 | 2.00 | 47.00 | 49.00 | OK | |
| r-oldrel-windows-x86_64 | 1.0.0 | 5.00 | 71.00 | 76.00 | OK | 
Version: 1.0.0
Check: CRAN incoming feasibility
Result: NOTE
  Maintainer: ‘Nathan Levett <nathan.a.z.levett@gmail.com>’
  
  The BugReports field in DESCRIPTION has
    https://github.com/Skenvy/Collatz/issues/new/choose
  which should likely be
    https://github.com/Skenvy/Collatz/issues/new/choose/issues
  instead.
Flavors: r-devel-linux-x86_64-debian-clang, r-devel-linux-x86_64-debian-gcc
These binaries (installable software) and packages are in development.
They may not be fully stable and should be used with caution. We make no claims about them.