Last updated on 2025-02-16 10:50:43 CET.
Flavor | Version | Tinstall | Tcheck | Ttotal | Status | Flags |
---|---|---|---|---|---|---|
r-devel-linux-x86_64-debian-clang | 0.3.7 | 5.13 | 20.70 | 25.83 | NOTE | |
r-devel-linux-x86_64-debian-gcc | 0.3.7 | 4.65 | 16.82 | 21.47 | NOTE | |
r-devel-linux-x86_64-fedora-clang | 0.3.7 | 44.38 | NOTE | |||
r-devel-linux-x86_64-fedora-gcc | 0.3.7 | 42.16 | NOTE | |||
r-devel-macos-arm64 | 0.3.7 | 19.00 | NOTE | |||
r-devel-macos-x86_64 | 0.3.7 | 30.00 | NOTE | |||
r-devel-windows-x86_64 | 0.3.7 | 15.00 | 48.00 | 63.00 | NOTE | |
r-patched-linux-x86_64 | 0.3.7 | 5.65 | 19.72 | 25.37 | OK | |
r-release-linux-x86_64 | 0.3.7 | 5.46 | 19.81 | 25.27 | OK | |
r-release-macos-arm64 | 0.3.7 | 23.00 | OK | |||
r-release-macos-x86_64 | 0.3.7 | 25.00 | OK | |||
r-release-windows-x86_64 | 0.3.7 | 12.00 | 58.00 | 70.00 | OK | |
r-oldrel-macos-arm64 | 0.3.7 | 20.00 | OK | |||
r-oldrel-macos-x86_64 | 0.3.7 | 26.00 | OK | |||
r-oldrel-windows-x86_64 | 0.3.7 | 13.00 | 54.00 | 67.00 | OK |
Version: 0.3.7
Check: compiled code
Result: NOTE
File ‘collections/libs/collections.so’:
Found non-API calls to R: ‘PRENV’, ‘SET_CLOENV’
Compiled code should not call non-API entry points in R.
See ‘Writing portable packages’ in the ‘Writing R Extensions’ manual,
and section ‘Moving into C API compliance’ for issues with the use of
non-API entry points.
Flavors: r-devel-linux-x86_64-debian-clang, r-devel-linux-x86_64-debian-gcc, r-devel-linux-x86_64-fedora-clang, r-devel-linux-x86_64-fedora-gcc, r-devel-macos-arm64, r-devel-macos-x86_64
Version: 0.3.7
Check: compiled code
Result: NOTE
File 'collections/libs/x64/collections.dll':
Found non-API calls to R: 'PRENV', 'SET_CLOENV'
Compiled code should not call non-API entry points in R.
See 'Writing portable packages' in the 'Writing R Extensions' manual,
and section 'Moving into C API compliance' for issues with the use of
non-API entry points.
Flavor: r-devel-windows-x86_64
These binaries (installable software) and packages are in development.
They may not be fully stable and should be used with caution. We make no claims about them.