Last updated on 2025-10-23 17:50:44 CEST.
| Flavor | Version | Tinstall | Tcheck | Ttotal | Status | Flags |
|---|---|---|---|---|---|---|
| r-devel-linux-x86_64-debian-clang | 0.3.9 | 5.58 | 24.07 | 29.65 | NOTE | |
| r-devel-linux-x86_64-debian-gcc | 0.3.9 | 4.30 | 19.77 | 24.07 | OK | |
| r-devel-linux-x86_64-fedora-clang | 0.3.9 | 32.96 | OK | |||
| r-devel-linux-x86_64-fedora-gcc | 0.3.9 | 14.00 | 26.96 | 40.96 | OK | |
| r-devel-windows-x86_64 | 0.3.9 | 13.00 | 44.00 | 57.00 | OK | |
| r-patched-linux-x86_64 | 0.3.9 | 5.65 | 21.84 | 27.49 | OK | |
| r-release-linux-x86_64 | 0.3.9 | 5.52 | 21.73 | 27.25 | OK | |
| r-release-macos-arm64 | 0.3.9 | 4.00 | 16.00 | 20.00 | OK | |
| r-release-macos-x86_64 | 0.3.9 | 6.00 | 21.00 | 27.00 | OK | |
| r-release-windows-x86_64 | 0.3.9 | 12.00 | 47.00 | 59.00 | OK | |
| r-oldrel-macos-arm64 | 0.3.9 | 4.00 | 21.00 | 25.00 | OK | |
| r-oldrel-macos-x86_64 | 0.3.9 | 6.00 | 26.00 | 32.00 | OK | |
| r-oldrel-windows-x86_64 | 0.3.9 | 11.00 | 53.00 | 64.00 | OK |
Version: 0.3.9
Check: HTML version of manual
Result: NOTE
Found the following HTML validation problems:
deprecated.html:56:1 (deprecated.Rd:26): Warning: missing </ul> before </div>
Flavor: r-devel-linux-x86_64-debian-clang
These binaries (installable software) and packages are in development.
They may not be fully stable and should be used with caution. We make no claims about them.