CRAN Package Check Results for Package collegeScorecard

Last updated on 2025-05-08 04:52:01 CEST.

Flavor Version Tinstall Tcheck Ttotal Status Flags
r-devel-linux-x86_64-debian-clang 0.2.0 6.06 21.93 27.99 OK
r-devel-linux-x86_64-debian-gcc 0.2.0 4.39 18.16 22.55 OK
r-devel-linux-x86_64-fedora-clang 0.2.0 40.15 OK
r-devel-linux-x86_64-fedora-gcc 0.2.0 39.57 OK
r-devel-windows-x86_64 0.2.0 5.00 39.00 44.00 OK
r-patched-linux-x86_64 0.2.0 5.73 19.92 25.65 OK
r-release-linux-x86_64 0.2.0 5.44 20.02 25.46 OK
r-release-macos-arm64 0.2.0 20.00 OK
r-release-macos-x86_64 0.2.0 31.00 OK
r-release-windows-x86_64 0.2.0 6.00 39.00 45.00 OK
r-oldrel-macos-arm64 0.2.0 23.00 NOTE
r-oldrel-macos-x86_64 0.2.0 36.00 OK
r-oldrel-windows-x86_64 0.2.0 7.00 37.00 44.00 OK

Check Details

Version: 0.2.0
Check: installed package size
Result: NOTE installed size is 5.4Mb sub-directories of 1Mb or more: data 5.2Mb Flavor: r-oldrel-macos-arm64

These binaries (installable software) and packages are in development.
They may not be fully stable and should be used with caution. We make no claims about them.