Last updated on 2025-11-11 15:50:30 CET.
| Flavor | Version | Tinstall | Tcheck | Ttotal | Status | Flags |
|---|---|---|---|---|---|---|
| r-devel-linux-x86_64-debian-clang | 0.2.0 | 5.99 | 23.81 | 29.80 | OK | |
| r-devel-linux-x86_64-debian-gcc | 0.2.0 | 4.44 | 19.28 | 23.72 | OK | |
| r-devel-linux-x86_64-fedora-clang | 0.2.0 | 10.00 | 31.20 | 41.20 | OK | |
| r-devel-linux-x86_64-fedora-gcc | 0.2.0 | 11.00 | 29.93 | 40.93 | OK | |
| r-devel-windows-x86_64 | 0.2.0 | 6.00 | 36.00 | 42.00 | OK | |
| r-patched-linux-x86_64 | 0.2.0 | 5.62 | 21.77 | 27.39 | OK | |
| r-release-linux-x86_64 | 0.2.0 | 5.34 | 21.84 | 27.18 | OK | |
| r-release-macos-arm64 | 0.2.0 | 4.00 | 16.00 | 20.00 | OK | |
| r-release-macos-x86_64 | 0.2.0 | 6.00 | 25.00 | 31.00 | OK | |
| r-release-windows-x86_64 | 0.2.0 | 5.00 | 36.00 | 41.00 | OK | |
| r-oldrel-macos-arm64 | 0.2.0 | 4.00 | 19.00 | 23.00 | NOTE | |
| r-oldrel-macos-x86_64 | 0.2.0 | 6.00 | 30.00 | 36.00 | OK | |
| r-oldrel-windows-x86_64 | 0.2.0 | 7.00 | 37.00 | 44.00 | OK |
Version: 0.2.0
Check: installed package size
Result: NOTE
installed size is 5.4Mb
sub-directories of 1Mb or more:
data 5.2Mb
Flavor: r-oldrel-macos-arm64
These binaries (installable software) and packages are in development.
They may not be fully stable and should be used with caution. We make no claims about them.