Last updated on 2025-10-09 17:50:34 CEST.
Flavor | Version | Tinstall | Tcheck | Ttotal | Status | Flags |
---|---|---|---|---|---|---|
r-devel-linux-x86_64-debian-clang | 0.2.0 | 5.35 | 24.25 | 29.60 | OK | |
r-devel-linux-x86_64-debian-gcc | 0.2.0 | 4.25 | 18.76 | 23.01 | OK | |
r-devel-linux-x86_64-fedora-clang | 0.2.0 | 30.07 | OK | |||
r-devel-linux-x86_64-fedora-gcc | 0.2.0 | 41.26 | OK | |||
r-devel-windows-x86_64 | 0.2.0 | 7.00 | 46.00 | 53.00 | OK | |
r-patched-linux-x86_64 | 0.2.0 | 5.76 | 21.70 | 27.46 | OK | |
r-release-linux-x86_64 | 0.2.0 | 6.11 | 22.11 | 28.22 | OK | |
r-release-macos-arm64 | 0.2.0 | 20.00 | OK | |||
r-release-macos-x86_64 | 0.2.0 | 31.00 | OK | |||
r-release-windows-x86_64 | 0.2.0 | 6.00 | 39.00 | 45.00 | OK | |
r-oldrel-macos-arm64 | 0.2.0 | 23.00 | NOTE | |||
r-oldrel-macos-x86_64 | 0.2.0 | 36.00 | OK | |||
r-oldrel-windows-x86_64 | 0.2.0 | 7.00 | 37.00 | 44.00 | OK |
Version: 0.2.0
Check: installed package size
Result: NOTE
installed size is 5.4Mb
sub-directories of 1Mb or more:
data 5.2Mb
Flavor: r-oldrel-macos-arm64
These binaries (installable software) and packages are in development.
They may not be fully stable and should be used with caution. We make no claims about them.